Last updated on 2022-05-16 13:50:27 CEST.
Flavor | Version | Tinstall | Tcheck | Ttotal | Status | Flags |
---|---|---|---|---|---|---|
r-devel-linux-x86_64-debian-clang | 3.2-2 | 80.52 | 83.75 | 164.27 | NOTE | |
r-devel-linux-x86_64-debian-gcc | 3.2-2 | 55.77 | 64.23 | 120.00 | NOTE | |
r-devel-linux-x86_64-fedora-clang | 3.2-2 | 217.19 | NOTE | |||
r-devel-linux-x86_64-fedora-gcc | 3.2-2 | 191.20 | NOTE | |||
r-devel-windows-x86_64 | 3.2-2 | 83.00 | 111.00 | 194.00 | NOTE | |
r-patched-linux-x86_64 | 3.2-2 | 52.53 | 81.31 | 133.84 | NOTE | |
r-release-linux-x86_64 | 3.2-2 | 55.73 | 80.81 | 136.54 | NOTE | |
r-release-macos-arm64 | 3.2-2 | 50.00 | NOTE | |||
r-release-macos-x86_64 | 3.2-2 | 68.00 | NOTE | |||
r-release-windows-x86_64 | 3.2-2 | 90.00 | 114.00 | 204.00 | NOTE | |
r-oldrel-macos-arm64 | 3.2-2 | 55.00 | NOTE | |||
r-oldrel-macos-x86_64 | 3.2-2 | 103.00 | NOTE | |||
r-oldrel-windows-ix86+x86_64 | 3.2-2 | 169.00 | 131.00 | 300.00 | NOTE |
Version: 3.2-2
Check: LazyData
Result: NOTE
'LazyData' is specified without a 'data' directory
Flavors: r-devel-linux-x86_64-debian-clang, r-devel-linux-x86_64-debian-gcc, r-devel-linux-x86_64-fedora-clang, r-devel-linux-x86_64-fedora-gcc, r-devel-windows-x86_64, r-patched-linux-x86_64, r-release-linux-x86_64, r-release-macos-arm64, r-release-macos-x86_64, r-release-windows-x86_64, r-oldrel-macos-arm64, r-oldrel-macos-x86_64, r-oldrel-windows-ix86+x86_64