Last updated on 2022-05-23 16:54:10 CEST.
Flavor | Version | Tinstall | Tcheck | Ttotal | Status | Flags |
---|---|---|---|---|---|---|
r-devel-linux-x86_64-debian-clang | 0.2.3 | 281.11 | 46.11 | 327.22 | OK | |
r-devel-linux-x86_64-debian-gcc | 0.2.3 | 249.89 | 35.83 | 285.72 | OK | |
r-devel-linux-x86_64-fedora-clang | 0.2.3 | 496.92 | NOTE | |||
r-devel-linux-x86_64-fedora-gcc | 0.2.3 | 470.46 | OK | |||
r-devel-windows-x86_64 | 0.2.3 | 244.00 | 109.00 | 353.00 | OK | |
r-patched-linux-x86_64 | 0.2.3 | 264.80 | 45.05 | 309.85 | OK | |
r-release-linux-x86_64 | 0.2.3 | OK | ||||
r-release-macos-arm64 | 0.2.3 | 102.00 | NOTE | |||
r-release-macos-x86_64 | 0.2.3 | 135.00 | NOTE | |||
r-release-windows-x86_64 | 0.2.3 | 238.00 | 116.00 | 354.00 | OK | |
r-oldrel-macos-arm64 | 0.2.3 | 113.00 | NOTE | |||
r-oldrel-macos-x86_64 | 0.2.3 | 210.00 | NOTE | |||
r-oldrel-windows-ix86+x86_64 | 0.2.3 | 621.00 | 93.00 | 714.00 | NOTE |
Version: 0.2.3
Check: installed package size
Result: NOTE
installed size is 17.0Mb
sub-directories of 1Mb or more:
doc 1.2Mb
libs 15.4Mb
Flavors: r-devel-linux-x86_64-fedora-clang, r-release-macos-arm64, r-release-macos-x86_64, r-oldrel-macos-arm64, r-oldrel-macos-x86_64, r-oldrel-windows-ix86+x86_64