CRAN Package Check Results for Package speechbr

Last updated on 2024-03-01 08:53:12 CET.

Flavor Version Tinstall Tcheck Ttotal Status Flags
r-devel-linux-x86_64-debian-clang 2.0.0 3.31 31.38 34.69 OK
r-devel-linux-x86_64-debian-gcc 2.0.0 2.64 24.37 27.01 OK
r-devel-linux-x86_64-fedora-clang 2.0.0 42.89 NOTE
r-devel-linux-x86_64-fedora-gcc 2.0.0 44.00 NOTE
r-devel-windows-x86_64 2.0.0 4.00 52.00 56.00 OK
r-patched-linux-x86_64 2.0.0 2.61 30.50 33.11 OK
r-release-linux-x86_64 2.0.0 2.09 30.60 32.69 OK
r-release-macos-arm64 2.0.0 23.00 OK
r-release-macos-x86_64 2.0.0 34.00 OK
r-release-windows-x86_64 2.0.0 7.00 51.00 58.00 OK
r-oldrel-macos-arm64 2.0.0 17.00 NOTE
r-oldrel-windows-x86_64 2.0.0 6.00 57.00 63.00 OK

Check Details

Version: 2.0.0
Check: dependencies in R code
Result: NOTE Namespaces in Imports field not imported from: ‘glue’ ‘httptest’ All declared Imports should be used. Flavors: r-devel-linux-x86_64-fedora-clang, r-devel-linux-x86_64-fedora-gcc, r-oldrel-macos-arm64