CRAN Package Check Results for Package speechbr

Last updated on 2023-01-31 17:54:20 CET.

Flavor Version Tinstall Tcheck Ttotal Status Flags
r-devel-linux-x86_64-debian-clang 2.0.0 3.30 30.70 34.00 OK
r-devel-linux-x86_64-debian-gcc 2.0.0 2.53 23.99 26.52 OK
r-devel-linux-x86_64-fedora-clang 2.0.0 43.23 NOTE
r-devel-linux-x86_64-fedora-gcc 2.0.0 41.42 NOTE
r-devel-windows-x86_64 2.0.0 12.00 67.00 79.00 OK
r-patched-linux-x86_64 2.0.0 2.84 30.39 33.23 OK
r-release-linux-x86_64 2.0.0 2.81 30.59 33.40 OK
r-release-macos-arm64 2.0.0 17.00 NOTE
r-release-macos-x86_64 2.0.0 31.00 NOTE
r-release-windows-x86_64 2.0.0 7.00 69.00 76.00 OK
r-oldrel-macos-arm64 2.0.0 16.00 NOTE
r-oldrel-macos-x86_64 2.0.0 25.00 NOTE
r-oldrel-windows-ix86+x86_64 2.0.0 9.00 65.00 74.00 OK

Check Details

Version: 2.0.0
Check: dependencies in R code
Result: NOTE
    Namespaces in Imports field not imported from:
     ‘glue’ ‘httptest’
     All declared Imports should be used.
Flavors: r-devel-linux-x86_64-fedora-clang, r-devel-linux-x86_64-fedora-gcc, r-release-macos-arm64, r-release-macos-x86_64, r-oldrel-macos-arm64, r-oldrel-macos-x86_64