Last updated on 2022-05-29 11:52:34 CEST.
Flavor | Version | Tinstall | Tcheck | Ttotal | Status | Flags |
---|---|---|---|---|---|---|
r-devel-linux-x86_64-debian-clang | 1.0.1 | 184.74 | 172.34 | 357.08 | OK | |
r-devel-linux-x86_64-debian-gcc | 1.0.1 | 161.20 | 123.20 | 284.40 | OK | |
r-devel-linux-x86_64-fedora-clang | 1.0.1 | 503.43 | NOTE | |||
r-devel-linux-x86_64-fedora-gcc | 1.0.1 | 510.74 | NOTE | |||
r-devel-windows-x86_64 | 1.0.1 | 178.00 | 300.00 | 478.00 | OK | |
r-patched-linux-x86_64 | 1.0.1 | 182.82 | 164.94 | 347.76 | OK | |
r-release-linux-x86_64 | 1.0.1 | 180.96 | 166.41 | 347.37 | OK | |
r-release-macos-arm64 | 1.0.1 | 163.00 | NOTE | |||
r-release-macos-x86_64 | 1.0.1 | 188.00 | NOTE | |||
r-release-windows-x86_64 | 1.0.1 | 187.00 | 299.00 | 486.00 | OK | |
r-oldrel-macos-arm64 | 1.0.1 | 224.00 | NOTE | |||
r-oldrel-macos-x86_64 | 1.0.1 | 183.00 | NOTE | |||
r-oldrel-windows-ix86+x86_64 | 1.0.1 | 466.00 | 499.00 | 965.00 | OK |
Version: 1.0.1
Check: installed package size
Result: NOTE
installed size is 14.3Mb
sub-directories of 1Mb or more:
libs 13.3Mb
Flavors: r-devel-linux-x86_64-fedora-clang, r-release-macos-arm64, r-release-macos-x86_64, r-oldrel-macos-arm64, r-oldrel-macos-x86_64
Version: 1.0.1
Check: data for non-ASCII characters
Result: NOTE
Note: found 189 marked UTF-8 strings
Flavors: r-devel-linux-x86_64-fedora-clang, r-devel-linux-x86_64-fedora-gcc, r-release-macos-arm64, r-release-macos-x86_64, r-oldrel-macos-arm64, r-oldrel-macos-x86_64