Last updated on 2022-05-25 19:53:09 CEST.
Flavor | Version | Tinstall | Tcheck | Ttotal | Status | Flags |
---|---|---|---|---|---|---|
r-devel-linux-x86_64-debian-clang | 1.2.0 | 14.68 | 106.95 | 121.63 | NOTE | |
r-devel-linux-x86_64-debian-gcc | 1.2.0 | 12.93 | 78.30 | 91.23 | NOTE | |
r-devel-linux-x86_64-fedora-clang | 1.2.0 | 139.53 | NOTE | |||
r-devel-linux-x86_64-fedora-gcc | 1.2.0 | 123.51 | NOTE | |||
r-devel-windows-x86_64 | 1.2.0 | 53.00 | 125.00 | 178.00 | NOTE | |
r-patched-linux-x86_64 | 1.2.0 | 21.17 | 99.44 | 120.61 | NOTE | |
r-release-linux-x86_64 | 1.2.0 | NOTE | ||||
r-release-macos-arm64 | 1.2.0 | 36.00 | NOTE | |||
r-release-macos-x86_64 | 1.2.0 | 75.00 | NOTE | |||
r-release-windows-x86_64 | 1.2.0 | 56.00 | 120.00 | 176.00 | NOTE | |
r-oldrel-macos-arm64 | 1.2.0 | 45.00 | NOTE | |||
r-oldrel-macos-x86_64 | 1.2.0 | 79.00 | NOTE | |||
r-oldrel-windows-ix86+x86_64 | 1.2.0 | 28.00 | 117.00 | 145.00 | NOTE |
Version: 1.2.0
Check: LazyData
Result: NOTE
'LazyData' is specified without a 'data' directory
Flavors: r-devel-linux-x86_64-debian-clang, r-devel-linux-x86_64-debian-gcc, r-devel-linux-x86_64-fedora-clang, r-devel-linux-x86_64-fedora-gcc, r-devel-windows-x86_64, r-patched-linux-x86_64, r-release-linux-x86_64, r-release-macos-arm64, r-release-macos-x86_64, r-release-windows-x86_64, r-oldrel-macos-arm64, r-oldrel-macos-x86_64, r-oldrel-windows-ix86+x86_64