CRAN Package Check Results for Package sport

Last updated on 2022-05-20 14:52:41 CEST.

Flavor Version Tinstall Tcheck Ttotal Status Flags
r-devel-linux-x86_64-debian-clang 0.2.0 30.92 122.25 153.17 OK
r-devel-linux-x86_64-debian-gcc 0.2.0 26.09 89.74 115.83 OK
r-devel-linux-x86_64-fedora-clang 0.2.0 187.79 NOTE
r-devel-linux-x86_64-fedora-gcc 0.2.0 180.41 NOTE
r-devel-windows-x86_64 0.2.0 39.00 163.00 202.00 OK
r-patched-linux-x86_64 0.2.0 25.32 113.59 138.91 OK
r-release-linux-x86_64 0.2.0 28.08 113.85 141.93 OK
r-release-macos-arm64 0.2.0 55.00 NOTE
r-release-macos-x86_64 0.2.0 94.00 NOTE
r-release-windows-x86_64 0.2.0 46.00 167.00 213.00 OK
r-oldrel-macos-arm64 0.2.0 61.00 NOTE
r-oldrel-macos-x86_64 0.2.0 99.00 NOTE
r-oldrel-windows-ix86+x86_64 0.2.0 76.00 211.00 287.00 OK

Check Details

Version: 0.2.0
Check: data for non-ASCII characters
Result: NOTE
     Note: found 7587 marked UTF-8 strings
Flavors: r-devel-linux-x86_64-fedora-clang, r-devel-linux-x86_64-fedora-gcc, r-release-macos-arm64, r-release-macos-x86_64, r-oldrel-macos-arm64, r-oldrel-macos-x86_64