Last updated on 2022-05-22 03:51:37 CEST.
Flavor | Version | Tinstall | Tcheck | Ttotal | Status | Flags |
---|---|---|---|---|---|---|
r-devel-linux-x86_64-debian-clang | 2.2.3 | 15.11 | 137.67 | 152.78 | OK | |
r-devel-linux-x86_64-debian-gcc | 2.2.3 | 12.77 | 100.10 | 112.87 | OK | |
r-devel-linux-x86_64-fedora-clang | 2.2.3 | 178.67 | NOTE | |||
r-devel-linux-x86_64-fedora-gcc | 2.2.3 | 183.83 | NOTE | |||
r-devel-windows-x86_64 | 2.2.3 | 72.00 | 144.00 | 216.00 | OK | |
r-patched-linux-x86_64 | 2.2.3 | 16.24 | 126.43 | 142.67 | OK | |
r-release-linux-x86_64 | 2.2.3 | 11.15 | 126.71 | 137.86 | OK | |
r-release-macos-arm64 | 2.2.3 | 46.00 | NOTE | |||
r-release-macos-x86_64 | 2.2.3 | 82.00 | NOTE | |||
r-release-windows-x86_64 | 2.2.3 | 69.00 | 148.00 | 217.00 | OK | |
r-oldrel-macos-arm64 | 2.2.3 | 50.00 | NOTE | |||
r-oldrel-macos-x86_64 | 2.2.3 | 66.00 | NOTE | |||
r-oldrel-windows-ix86+x86_64 | 2.2.3 | 34.00 | 139.00 | 173.00 | OK |
Version: 2.2.3
Check: dependencies in R code
Result: NOTE
Namespace in Imports field not imported from: ‘ggridges’
All declared Imports should be used.
Flavors: r-devel-linux-x86_64-fedora-clang, r-devel-linux-x86_64-fedora-gcc, r-release-macos-arm64, r-release-macos-x86_64, r-oldrel-macos-arm64, r-oldrel-macos-x86_64