Last updated on 2022-06-28 08:51:38 CEST.
Flavor | Version | Tinstall | Tcheck | Ttotal | Status | Flags |
---|---|---|---|---|---|---|
r-devel-linux-x86_64-debian-clang | 0.1.2 | 48.35 | 630.51 | 678.86 | OK | |
r-devel-linux-x86_64-debian-gcc | 0.1.2 | 35.62 | 456.35 | 491.97 | OK | |
r-devel-linux-x86_64-fedora-clang | 0.1.2 | 814.32 | WARN | |||
r-devel-linux-x86_64-fedora-gcc | 0.1.2 | 875.62 | WARN | |||
r-devel-windows-x86_64 | 0.1.2 | 106.00 | 618.00 | 724.00 | OK | |
r-patched-linux-x86_64 | 0.1.2 | 48.47 | 604.15 | 652.62 | OK | |
r-release-linux-x86_64 | 0.1.2 | 31.51 | 595.04 | 626.55 | OK | |
r-release-macos-arm64 | 0.1.2 | 216.00 | NOTE | |||
r-release-macos-x86_64 | 0.1.2 | 333.00 | NOTE | |||
r-release-windows-x86_64 | 0.1.2 | 119.00 | 647.00 | 766.00 | OK | |
r-oldrel-macos-arm64 | 0.1.2 | 205.00 | NOTE | |||
r-oldrel-macos-x86_64 | 0.1.2 | 247.00 | NOTE | |||
r-oldrel-windows-ix86+x86_64 | 0.1.2 | 91.00 | 692.00 | 783.00 | ERROR |
Version: 0.1.2
Check: package dependencies
Result: WARN
Requires orphaned package: ‘gtools’
Flavors: r-devel-linux-x86_64-fedora-clang, r-devel-linux-x86_64-fedora-gcc
Version: 0.1.2
Check: dependencies in R code
Result: NOTE
Namespaces in Imports field not imported from:
‘lwgeom’ ‘rgeoda’
All declared Imports should be used.
Flavors: r-devel-linux-x86_64-fedora-clang, r-devel-linux-x86_64-fedora-gcc, r-release-macos-arm64, r-release-macos-x86_64, r-oldrel-macos-arm64, r-oldrel-macos-x86_64
Version: 0.1.2
Check: data for non-ASCII characters
Result: NOTE
Note: found 4 marked UTF-8 strings
Flavors: r-devel-linux-x86_64-fedora-clang, r-devel-linux-x86_64-fedora-gcc, r-release-macos-arm64, r-release-macos-x86_64, r-oldrel-macos-arm64, r-oldrel-macos-x86_64
Version: 0.1.2
Check: PDF version of manual
Result: WARN
LaTeX errors when creating PDF version.
This typically indicates Rd problems.
LaTeX errors found:
! Package inputenc Error: Unicode char â<c2><80><c2><90> (U+2010)
(inputenc) not set up for use with LaTeX.
See the inputenc package documentation for explanation.
Type H <return> for immediate help.
! Package inputenc Error: Unicode char â<c2><80><c2><90> (U+2010)
(inputenc) not set up for use with LaTeX.
See the inputenc package documentation for explanation.
Type H <return> for immediate help.
Flavor: r-oldrel-windows-ix86+x86_64
Version: 0.1.2
Check: PDF version of manual without hyperrefs or index
Result: ERROR
Flavor: r-oldrel-windows-ix86+x86_64