CRAN Package Check Results for Package spreadr

Last updated on 2022-05-25 13:54:03 CEST.

Flavor Version Tinstall Tcheck Ttotal Status Flags
r-devel-linux-x86_64-debian-clang 0.2.0 18.98 55.82 74.80 OK
r-devel-linux-x86_64-debian-gcc 0.2.0 14.71 43.35 58.06 OK
r-devel-linux-x86_64-fedora-clang 0.2.0 97.35 NOTE
r-devel-linux-x86_64-fedora-gcc 0.2.0 79.57 NOTE
r-devel-windows-x86_64 0.2.0 26.00 102.00 128.00 OK
r-patched-linux-x86_64 0.2.0 16.96 55.09 72.05 OK
r-release-linux-x86_64 0.2.0 OK
r-release-macos-arm64 0.2.0 32.00 NOTE
r-release-macos-x86_64 0.2.0 57.00 NOTE
r-release-windows-x86_64 0.2.0 23.00 96.00 119.00 OK
r-oldrel-macos-arm64 0.2.0 40.00 NOTE
r-oldrel-macos-x86_64 0.2.0 56.00 NOTE
r-oldrel-windows-ix86+x86_64 0.2.0 48.00 94.00 142.00 OK

Check Details

Version: 0.2.0
Check: dependencies in R code
Result: NOTE
    Namespaces in Imports field not imported from:
     ‘extrafont’ ‘ggplot2’
     All declared Imports should be used.
Flavors: r-devel-linux-x86_64-fedora-clang, r-devel-linux-x86_64-fedora-gcc, r-release-macos-arm64, r-release-macos-x86_64, r-oldrel-macos-arm64, r-oldrel-macos-x86_64