CRAN Package Check Results for Package spsur

Last updated on 2022-05-22 02:49:15 CEST.

Flavor Version Tinstall Tcheck Ttotal Status Flags
r-devel-linux-x86_64-debian-clang 1.0.2.1 45.49 432.80 478.29 OK
r-devel-linux-x86_64-debian-gcc 1.0.2.1 41.40 313.73 355.13 OK
r-devel-linux-x86_64-fedora-clang 1.0.2.1 591.08 NOTE
r-devel-linux-x86_64-fedora-gcc 1.0.2.1 594.54 NOTE
r-devel-windows-x86_64 1.0.2.1 59.00 438.00 497.00 NOTE
r-patched-linux-x86_64 1.0.2.1 58.58 405.88 464.46 OK
r-release-linux-x86_64 1.0.2.1 39.63 401.93 441.56 OK
r-release-macos-arm64 1.0.2.1 137.00 NOTE
r-release-macos-x86_64 1.0.2.1 190.00 NOTE
r-release-windows-x86_64 1.0.2.1 69.00 417.00 486.00 NOTE
r-oldrel-macos-arm64 1.0.2.1 132.00 NOTE
r-oldrel-macos-x86_64 1.0.2.1 169.00 NOTE
r-oldrel-windows-ix86+x86_64 1.0.2.1 94.00 419.00 513.00 NOTE

Check Details

Version: 1.0.2.1
Check: installed package size
Result: NOTE
     installed size is 6.6Mb
     sub-directories of 1Mb or more:
     doc 5.2Mb
Flavors: r-devel-linux-x86_64-fedora-clang, r-devel-windows-x86_64, r-release-macos-arm64, r-release-macos-x86_64, r-release-windows-x86_64, r-oldrel-macos-arm64, r-oldrel-macos-x86_64, r-oldrel-windows-ix86+x86_64

Version: 1.0.2.1
Check: dependencies in R code
Result: NOTE
    Namespaces in Imports field not imported from:
     ‘Rdpack’ ‘car’ ‘knitr’ ‘lmtest’ ‘rmarkdown’
     All declared Imports should be used.
Flavors: r-devel-linux-x86_64-fedora-clang, r-devel-linux-x86_64-fedora-gcc, r-release-macos-arm64, r-release-macos-x86_64, r-oldrel-macos-arm64, r-oldrel-macos-x86_64