Last updated on 2023-02-09 06:55:44 CET.
Flavor | Version | Tinstall | Tcheck | Ttotal | Status | Flags |
---|---|---|---|---|---|---|
r-devel-linux-x86_64-debian-clang | 0.1.0 | 113.97 | 167.33 | 281.30 | NOTE | |
r-devel-linux-x86_64-debian-gcc | 0.1.0 | 88.84 | 121.46 | 210.30 | NOTE | |
r-devel-linux-x86_64-fedora-clang | 0.1.0 | 373.61 | NOTE | |||
r-devel-linux-x86_64-fedora-gcc | 0.1.0 | 393.22 | NOTE | |||
r-devel-windows-x86_64 | 0.1.0 | 119.00 | 242.00 | 361.00 | NOTE | |
r-patched-linux-x86_64 | 0.1.0 | 99.84 | 157.83 | 257.67 | OK | |
r-release-linux-x86_64 | 0.1.0 | 85.34 | 163.11 | 248.45 | OK | |
r-release-macos-arm64 | 0.1.0 | 82.00 | NOTE | |||
r-release-macos-x86_64 | 0.1.0 | 119.00 | NOTE | |||
r-release-windows-x86_64 | 0.1.0 | 124.00 | 246.00 | 370.00 | OK | |
r-oldrel-macos-arm64 | 0.1.0 | 86.00 | NOTE | |||
r-oldrel-macos-x86_64 | 0.1.0 | 118.00 | NOTE | |||
r-oldrel-windows-ix86+x86_64 | 0.1.0 | 276.00 | 293.00 | 569.00 | ERROR |
Version: 0.1.0
Check: C++ specification
Result: NOTE
Specified C++11: please update to current default of C++17
Flavor: r-devel-linux-x86_64-debian-clang
Version: 0.1.0
Check: C++ specification
Result: NOTE
Specified C++11: please drop specification unless essential
Flavors: r-devel-linux-x86_64-debian-gcc, r-devel-linux-x86_64-fedora-clang, r-devel-linux-x86_64-fedora-gcc, r-devel-windows-x86_64
Version: 0.1.0
Check: installed package size
Result: NOTE
installed size is 12.9Mb
sub-directories of 1Mb or more:
data 1.1Mb
libs 10.8Mb
Flavors: r-release-macos-arm64, r-release-macos-x86_64, r-oldrel-macos-arm64, r-oldrel-macos-x86_64
Version: 0.1.0
Check: running examples for arch ‘i386’
Result: ERROR
Running examples in 'squat-Ex.R' failed
The error most likely occurred in:
> ### Name: hemispherize
> ### Title: QTS Hemispherization
> ### Aliases: hemispherize hemispherize.qts hemispherize.qts_sample
>
> ### ** Examples
>
> hemispherize(vespa64$igp[[1]])
Flavor: r-oldrel-windows-ix86+x86_64