CRAN Package Check Results for Package ssdtools

Last updated on 2022-05-28 03:54:57 CEST.

Flavor Version Tinstall Tcheck Ttotal Status Flags
r-devel-linux-x86_64-debian-clang 1.0.2 115.15 466.09 581.24 OK
r-devel-linux-x86_64-debian-gcc 1.0.2 91.22 341.44 432.66 OK
r-devel-linux-x86_64-fedora-clang 1.0.2 549.50 NOTE
r-devel-linux-x86_64-fedora-gcc 1.0.2 717.70 OK
r-devel-windows-x86_64 1.0.2 188.00 530.00 718.00 NOTE
r-patched-linux-x86_64 1.0.2 90.95 442.67 533.62 OK
r-release-linux-x86_64 1.0.2 98.88 444.77 543.65 OK
r-release-macos-arm64 1.0.2 208.00 NOTE
r-release-macos-x86_64 1.0.2 262.00 NOTE
r-release-windows-x86_64 1.0.2 233.00 533.00 766.00 NOTE
r-oldrel-macos-arm64 1.0.2 228.00 NOTE
r-oldrel-macos-x86_64 1.0.2 269.00 NOTE
r-oldrel-windows-ix86+x86_64 1.0.2 221.00 880.00 1101.00 NOTE

Additional issues

rchk

Check Details

Version: 1.0.2
Check: installed package size
Result: NOTE
     installed size is 13.2Mb
     sub-directories of 1Mb or more:
     doc 1.2Mb
     help 1.0Mb
     libs 10.5Mb
Flavors: r-devel-linux-x86_64-fedora-clang, r-devel-windows-x86_64, r-release-macos-arm64, r-release-macos-x86_64, r-release-windows-x86_64, r-oldrel-macos-arm64, r-oldrel-macos-x86_64, r-oldrel-windows-ix86+x86_64