Last updated on 2022-05-28 03:54:57 CEST.
Flavor | Version | Tinstall | Tcheck | Ttotal | Status | Flags |
---|---|---|---|---|---|---|
r-devel-linux-x86_64-debian-clang | 1.1.25 | 19.97 | 297.04 | 317.01 | OK | |
r-devel-linux-x86_64-debian-gcc | 1.1.25 | 16.85 | 217.89 | 234.74 | OK | |
r-devel-linux-x86_64-fedora-clang | 1.1.25 | 390.64 | OK | |||
r-devel-linux-x86_64-fedora-gcc | 1.1.25 | 371.70 | OK | |||
r-devel-windows-x86_64 | 1.1.25 | 87.00 | 391.00 | 478.00 | OK | |
r-patched-linux-x86_64 | 1.1.25 | 23.44 | 270.95 | 294.39 | OK | |
r-release-linux-x86_64 | 1.1.25 | 18.55 | 272.63 | 291.18 | OK | |
r-release-macos-arm64 | 1.1.25 | 126.00 | OK | |||
r-release-macos-x86_64 | 1.1.25 | 257.00 | NOTE | |||
r-release-windows-x86_64 | 1.1.25 | 98.00 | 412.00 | 510.00 | OK | |
r-oldrel-macos-arm64 | 1.1.25 | 117.00 | OK | |||
r-oldrel-macos-x86_64 | 1.1.25 | 181.00 | OK | |||
r-oldrel-windows-ix86+x86_64 | 1.1.25 | 45.00 | 393.00 | 438.00 | OK |
Version: 1.1.25
Check: package dependencies
Result: NOTE
Package suggested but not available for checking: ‘xlsx’
Flavor: r-release-macos-x86_64