CRAN Package Check Results for Package stablelearner

Last updated on 2022-05-18 05:53:35 CEST.

Flavor Version Tinstall Tcheck Ttotal Status Flags
r-devel-linux-x86_64-debian-clang 0.1-4 13.84 163.21 177.05 OK
r-devel-linux-x86_64-debian-gcc 0.1-4 8.86 121.40 130.26 OK
r-devel-linux-x86_64-fedora-clang 0.1-4 204.30 NOTE
r-devel-linux-x86_64-fedora-gcc 0.1-4 199.83 NOTE
r-devel-windows-x86_64 0.1-4 59.00 182.00 241.00 OK
r-patched-linux-x86_64 0.1-4 15.69 152.88 168.57 OK
r-release-linux-x86_64 0.1-4 8.98 154.65 163.63 OK
r-release-macos-arm64 0.1-4 53.00 NOTE
r-release-macos-x86_64 0.1-4 104.00 NOTE
r-release-windows-x86_64 0.1-4 78.00 184.00 262.00 OK
r-oldrel-macos-arm64 0.1-4 55.00 NOTE
r-oldrel-macos-x86_64 0.1-4 76.00 NOTE
r-oldrel-windows-ix86+x86_64 0.1-4 26.00 185.00 211.00 OK

Check Details

Version: 0.1-4
Check: data for non-ASCII characters
Result: NOTE
     Note: found 123 marked UTF-8 strings
Flavors: r-devel-linux-x86_64-fedora-clang, r-devel-linux-x86_64-fedora-gcc, r-release-macos-arm64, r-release-macos-x86_64, r-oldrel-macos-arm64, r-oldrel-macos-x86_64