Last updated on 2022-05-20 08:53:31 CEST.
Flavor | Version | Tinstall | Tcheck | Ttotal | Status | Flags |
---|---|---|---|---|---|---|
r-devel-linux-x86_64-debian-clang | 0.0-3 | 170.30 | 111.43 | 281.73 | OK | |
r-devel-linux-x86_64-debian-gcc | 0.0-3 | 152.59 | 84.53 | 237.12 | OK | |
r-devel-linux-x86_64-fedora-clang | 0.0-3 | 390.99 | NOTE | |||
r-devel-linux-x86_64-fedora-gcc | 0.0-3 | 380.70 | OK | |||
r-devel-windows-x86_64 | 0.0-3 | 1495.00 | 179.00 | 1674.00 | OK | |
r-patched-linux-x86_64 | 0.0-3 | 173.70 | 108.26 | 281.96 | OK | |
r-release-linux-x86_64 | 0.0-3 | 161.00 | 106.03 | 267.03 | OK | |
r-release-macos-arm64 | 0.0-3 | 13.00 | ERROR | |||
r-release-macos-x86_64 | 0.0-3 | 143.00 | NOTE | |||
r-release-windows-x86_64 | 0.0-3 | 1247.00 | 196.00 | 1443.00 | OK | |
r-oldrel-macos-arm64 | 0.0-3 | 100.00 | NOTE | |||
r-oldrel-macos-x86_64 | 0.0-3 | 138.00 | NOTE | |||
r-oldrel-windows-ix86+x86_64 | 0.0-3 | 394.00 | 190.00 | 584.00 | OK |
Version: 0.0-3
Check: installed package size
Result: NOTE
installed size is 39.9Mb
sub-directories of 1Mb or more:
libs 39.5Mb
Flavors: r-devel-linux-x86_64-fedora-clang, r-release-macos-x86_64, r-oldrel-macos-arm64, r-oldrel-macos-x86_64
Version: 0.0-3
Check: package dependencies
Result: ERROR
Package required but not available: ‘dbarts’
See section ‘The DESCRIPTION file’ in the ‘Writing R Extensions’
manual.
Flavor: r-release-macos-arm64