Last updated on 2022-05-19 02:49:24 CEST.
Flavor | Version | Tinstall | Tcheck | Ttotal | Status | Flags |
---|---|---|---|---|---|---|
r-devel-linux-x86_64-debian-clang | 1.2.1 | 22.64 | 262.27 | 284.91 | OK | |
r-devel-linux-x86_64-debian-gcc | 1.2.1 | 17.67 | 187.60 | 205.27 | OK | |
r-devel-linux-x86_64-fedora-clang | 1.2.1 | 342.07 | NOTE | |||
r-devel-linux-x86_64-fedora-gcc | 1.2.1 | 327.21 | NOTE | |||
r-devel-windows-x86_64 | 1.2.1 | 37.00 | 271.00 | 308.00 | OK | |
r-patched-linux-x86_64 | 1.2.1 | 25.39 | 238.33 | 263.72 | OK | |
r-release-linux-x86_64 | 1.2.1 | 18.15 | 236.70 | 254.85 | OK | |
r-release-macos-arm64 | 1.2.1 | 58.00 | NOTE | |||
r-release-macos-x86_64 | 1.2.1 | 12.00 | ERROR | |||
r-release-windows-x86_64 | 1.2.1 | 43.00 | 265.00 | 308.00 | OK | |
r-oldrel-macos-arm64 | 1.2.1 | 5.00 | ERROR | |||
r-oldrel-macos-x86_64 | 1.2.1 | 6.00 | ERROR | |||
r-oldrel-windows-ix86+x86_64 | 1.2.1 | 46.00 | 264.00 | 310.00 | OK |
Version: 1.2.1
Check: package dependencies
Result: NOTE
Imports includes 23 non-default packages.
Importing from so many packages makes the package vulnerable to any of
them becoming unavailable. Move as many as possible to Suggests and
use conditionally.
Flavor: r-devel-linux-x86_64-fedora-clang
Version: 1.2.1
Check: dependencies in R code
Result: NOTE
Namespaces in Imports field not imported from:
‘gbm’ ‘ggfortify’ ‘tibble’ ‘tidyverse’
All declared Imports should be used.
Flavors: r-devel-linux-x86_64-fedora-clang, r-devel-linux-x86_64-fedora-gcc, r-release-macos-arm64
Version: 1.2.1
Check: package dependencies
Result: ERROR
Package required but not available: ‘pvca’
See section ‘The DESCRIPTION file’ in the ‘Writing R Extensions’
manual.
Flavors: r-release-macos-x86_64, r-oldrel-macos-arm64, r-oldrel-macos-x86_64