CRAN Package Check Results for Package statgenGWAS

Last updated on 2022-05-29 12:55:28 CEST.

Flavor Version Tinstall Tcheck Ttotal Status Flags
r-devel-linux-x86_64-debian-clang 1.0.8 108.11 260.65 368.76 OK
r-devel-linux-x86_64-debian-gcc 1.0.8 90.46 178.08 268.54 OK
r-devel-linux-x86_64-fedora-clang 1.0.8 452.98 NOTE
r-devel-linux-x86_64-fedora-gcc 1.0.8 412.14 OK
r-devel-windows-x86_64 1.0.8 105.00 264.00 369.00 NOTE
r-patched-linux-x86_64 1.0.8 105.06 231.61 336.67 OK
r-release-linux-x86_64 1.0.8 92.81 235.58 328.39 OK
r-release-macos-arm64 1.0.8 265.00 NOTE
r-release-macos-x86_64 1.0.8 621.00 NOTE
r-release-windows-x86_64 1.0.8 115.00 285.00 400.00 NOTE
r-oldrel-macos-arm64 1.0.8 246.00 NOTE
r-oldrel-macos-x86_64 1.0.8 411.00 NOTE
r-oldrel-windows-ix86+x86_64 1.0.8 257.00 277.00 534.00 NOTE

Check Details

Version: 1.0.8
Check: installed package size
Result: NOTE
     installed size is 7.5Mb
     sub-directories of 1Mb or more:
     data 2.7Mb
     libs 3.7Mb
Flavors: r-devel-linux-x86_64-fedora-clang, r-devel-windows-x86_64, r-release-macos-arm64, r-release-macos-x86_64, r-release-windows-x86_64, r-oldrel-macos-arm64, r-oldrel-macos-x86_64, r-oldrel-windows-ix86+x86_64