CRAN Package Check Results for Package statgenGxE

Last updated on 2022-05-29 12:55:28 CEST.

Flavor Version Tinstall Tcheck Ttotal Status Flags
r-devel-linux-x86_64-debian-clang 1.0.4 10.10 212.07 222.17 NOTE
r-devel-linux-x86_64-debian-gcc 1.0.4 7.56 152.50 160.06 NOTE
r-devel-linux-x86_64-fedora-clang 1.0.4 250.93 NOTE
r-devel-linux-x86_64-fedora-gcc 1.0.4 239.21 NOTE
r-devel-windows-x86_64 1.0.4 60.00 226.00 286.00 NOTE
r-patched-linux-x86_64 1.0.4 17.04 194.25 211.29 NOTE
r-release-linux-x86_64 1.0.4 8.75 194.74 203.49 NOTE
r-release-macos-arm64 1.0.4 81.00 NOTE
r-release-macos-x86_64 1.0.4 111.00 NOTE
r-release-windows-x86_64 1.0.4 82.00 225.00 307.00 NOTE
r-oldrel-macos-arm64 1.0.4 117.00 NOTE
r-oldrel-macos-x86_64 1.0.4 135.00 NOTE
r-oldrel-windows-ix86+x86_64 1.0.4 22.00 231.00 253.00 NOTE

Check Details

Version: 1.0.4
Check: package dependencies
Result: NOTE
    Package suggested but not available for checking: 'asreml'
Flavors: r-devel-linux-x86_64-debian-clang, r-devel-linux-x86_64-debian-gcc, r-devel-linux-x86_64-fedora-clang, r-devel-linux-x86_64-fedora-gcc, r-devel-windows-x86_64, r-patched-linux-x86_64, r-release-linux-x86_64, r-release-macos-arm64, r-release-macos-x86_64, r-release-windows-x86_64, r-oldrel-macos-arm64, r-oldrel-macos-x86_64, r-oldrel-windows-ix86+x86_64