Last updated on 2022-05-28 21:50:52 CEST.
Flavor | Version | Tinstall | Tcheck | Ttotal | Status | Flags |
---|---|---|---|---|---|---|
r-devel-linux-x86_64-debian-clang | 1.0.8 | 12.08 | 245.02 | 257.10 | NOTE | |
r-devel-linux-x86_64-debian-gcc | 1.0.8 | 9.51 | 178.90 | 188.41 | NOTE | |
r-devel-linux-x86_64-fedora-clang | 1.0.8 | 287.56 | NOTE | |||
r-devel-linux-x86_64-fedora-gcc | 1.0.8 | 277.29 | NOTE | |||
r-devel-windows-x86_64 | 1.0.8 | 51.00 | 241.00 | 292.00 | NOTE | |
r-patched-linux-x86_64 | 1.0.8 | 11.79 | 227.30 | 239.09 | NOTE | |
r-release-linux-x86_64 | 1.0.8 | 12.80 | 227.68 | 240.48 | NOTE | |
r-release-macos-arm64 | 1.0.8 | 80.00 | NOTE | |||
r-release-macos-x86_64 | 1.0.8 | 138.00 | NOTE | |||
r-release-windows-x86_64 | 1.0.8 | 69.00 | 252.00 | 321.00 | NOTE | |
r-oldrel-macos-arm64 | 1.0.8 | 130.00 | NOTE | |||
r-oldrel-macos-x86_64 | 1.0.8 | 158.00 | NOTE | |||
r-oldrel-windows-ix86+x86_64 | 1.0.8 | 24.00 | 260.00 | 284.00 | NOTE |
Version: 1.0.8
Check: package dependencies
Result: NOTE
Package suggested but not available for checking: 'asreml'
Flavors: r-devel-linux-x86_64-debian-clang, r-devel-linux-x86_64-debian-gcc, r-devel-linux-x86_64-fedora-clang, r-devel-linux-x86_64-fedora-gcc, r-devel-windows-x86_64, r-patched-linux-x86_64, r-release-linux-x86_64, r-release-macos-arm64, r-release-macos-x86_64, r-release-windows-x86_64, r-oldrel-macos-arm64, r-oldrel-macos-x86_64, r-oldrel-windows-ix86+x86_64
Version: 1.0.8
Check: dependencies in R code
Result: NOTE
Namespace in Imports field not imported from: ‘mapproj’
All declared Imports should be used.
Flavors: r-devel-linux-x86_64-fedora-clang, r-devel-linux-x86_64-fedora-gcc, r-release-macos-arm64, r-release-macos-x86_64, r-oldrel-macos-arm64, r-oldrel-macos-x86_64