CRAN Package Check Results for Package stationaRy

Last updated on 2022-05-23 15:53:48 CEST.

Flavor Version Tinstall Tcheck Ttotal Status Flags
r-devel-linux-x86_64-debian-clang 0.5.1 2.98 84.83 87.81 NOTE
r-devel-linux-x86_64-debian-gcc 0.5.1 3.15 63.38 66.53 NOTE
r-devel-linux-x86_64-fedora-clang 0.5.1 100.93 NOTE
r-devel-linux-x86_64-fedora-gcc 0.5.1 90.92 NOTE
r-devel-windows-x86_64 0.5.1 26.00 101.00 127.00 NOTE
r-patched-linux-x86_64 0.5.1 4.41 80.72 85.13 NOTE
r-release-linux-x86_64 0.5.1 NOTE
r-release-macos-arm64 0.5.1 32.00 NOTE
r-release-macos-x86_64 0.5.1 61.00 NOTE
r-release-windows-x86_64 0.5.1 24.00 105.00 129.00 NOTE
r-oldrel-macos-arm64 0.5.1 42.00 NOTE
r-oldrel-macos-x86_64 0.5.1 60.00 NOTE
r-oldrel-windows-ix86+x86_64 0.5.1 9.00 107.00 116.00 NOTE

Check Details

Version: 0.5.1
Check: LazyData
Result: NOTE
     'LazyData' is specified without a 'data' directory
Flavors: r-devel-linux-x86_64-debian-clang, r-devel-linux-x86_64-debian-gcc, r-devel-linux-x86_64-fedora-clang, r-devel-linux-x86_64-fedora-gcc, r-devel-windows-x86_64, r-patched-linux-x86_64, r-release-linux-x86_64, r-release-macos-arm64, r-release-macos-x86_64, r-release-windows-x86_64, r-oldrel-macos-arm64, r-oldrel-macos-x86_64, r-oldrel-windows-ix86+x86_64