CRAN Package Check Results for Package stochvolTMB

Last updated on 2022-05-29 02:49:11 CEST.

Flavor Version Tinstall Tcheck Ttotal Status Flags
r-devel-linux-x86_64-debian-clang 0.2.0 23.08 185.68 208.76 OK
r-devel-linux-x86_64-debian-gcc 0.2.0 24.00 145.51 169.51 OK
r-devel-linux-x86_64-fedora-clang 0.2.0 257.55 NOTE
r-devel-linux-x86_64-fedora-gcc 0.2.0 275.11 OK
r-devel-windows-x86_64 0.2.0 72.00 137.00 209.00 NOTE
r-patched-linux-x86_64 0.2.0 22.88 188.25 211.13 OK
r-release-linux-x86_64 0.2.0 22.68 190.40 213.08 OK
r-release-macos-arm64 0.2.0 85.00 NOTE
r-release-macos-x86_64 0.2.0 138.00 NOTE
r-release-windows-x86_64 0.2.0 78.00 134.00 212.00 NOTE
r-oldrel-macos-arm64 0.2.0 124.00 NOTE
r-oldrel-macos-x86_64 0.2.0 99.00 NOTE
r-oldrel-windows-ix86+x86_64 0.2.0 121.00 156.00 277.00 NOTE

Additional issues

rchk

Check Details

Version: 0.2.0
Check: installed package size
Result: NOTE
     installed size is 12.6Mb
     sub-directories of 1Mb or more:
     libs 10.9Mb
Flavors: r-devel-linux-x86_64-fedora-clang, r-devel-windows-x86_64, r-release-macos-arm64, r-release-macos-x86_64, r-release-windows-x86_64, r-oldrel-macos-arm64, r-oldrel-macos-x86_64, r-oldrel-windows-ix86+x86_64