Last updated on 2022-05-19 01:49:56 CEST.
Flavor | Version | Tinstall | Tcheck | Ttotal | Status | Flags |
---|---|---|---|---|---|---|
r-devel-linux-x86_64-debian-clang | 1.2.5 | 7.44 | 67.32 | 74.76 | NOTE | |
r-devel-linux-x86_64-debian-gcc | 1.2.5 | 7.45 | 49.83 | 57.28 | NOTE | |
r-devel-linux-x86_64-fedora-clang | 1.2.5 | 88.87 | NOTE | |||
r-devel-linux-x86_64-fedora-gcc | 1.2.5 | 86.90 | NOTE | |||
r-devel-windows-x86_64 | 1.2.5 | 34.00 | 104.00 | 138.00 | NOTE | |
r-patched-linux-x86_64 | 1.2.5 | 11.26 | 62.94 | 74.20 | NOTE | |
r-release-linux-x86_64 | 1.2.5 | 9.81 | 63.65 | 73.46 | NOTE | |
r-release-macos-arm64 | 1.2.5 | 27.00 | NOTE | |||
r-release-macos-x86_64 | 1.2.5 | 42.00 | NOTE | |||
r-release-windows-x86_64 | 1.2.5 | 44.00 | 99.00 | 143.00 | NOTE | |
r-oldrel-macos-arm64 | 1.2.5 | 36.00 | NOTE | |||
r-oldrel-macos-x86_64 | 1.2.5 | 61.00 | NOTE | |||
r-oldrel-windows-ix86+x86_64 | 1.2.5 | 20.00 | 130.00 | 150.00 | NOTE |
Version: 1.2.5
Check: LazyData
Result: NOTE
'LazyData' is specified without a 'data' directory
Flavors: r-devel-linux-x86_64-debian-clang, r-devel-linux-x86_64-debian-gcc, r-devel-linux-x86_64-fedora-clang, r-devel-linux-x86_64-fedora-gcc, r-devel-windows-x86_64, r-patched-linux-x86_64, r-release-linux-x86_64, r-release-macos-arm64, r-release-macos-x86_64, r-release-windows-x86_64, r-oldrel-macos-arm64, r-oldrel-macos-x86_64, r-oldrel-windows-ix86+x86_64