Last updated on 2023-02-01 09:53:18 CET.
Flavor | Version | Tinstall | Tcheck | Ttotal | Status | Flags |
---|---|---|---|---|---|---|
r-devel-linux-x86_64-debian-clang | 0.1.2 | 8.46 | 63.74 | 72.20 | OK | |
r-devel-linux-x86_64-debian-gcc | 0.1.2 | 7.10 | 47.02 | 54.12 | OK | |
r-devel-linux-x86_64-fedora-clang | 0.1.2 | 94.08 | NOTE | |||
r-devel-linux-x86_64-fedora-gcc | 0.1.2 | 107.30 | NOTE | |||
r-devel-windows-x86_64 | 0.1.2 | 49.00 | 105.00 | 154.00 | OK | |
r-patched-linux-x86_64 | 0.1.2 | 13.66 | 63.21 | 76.87 | OK | |
r-release-linux-x86_64 | 0.1.2 | 8.37 | 63.91 | 72.28 | OK | |
r-release-macos-arm64 | 0.1.2 | 33.00 | NOTE | |||
r-release-macos-x86_64 | 0.1.2 | 46.00 | NOTE | |||
r-release-windows-x86_64 | 0.1.2 | 37.00 | 106.00 | 143.00 | OK |
Version: 0.1.2
Check: data for non-ASCII characters
Result: NOTE
Note: found 1725 marked UTF-8 strings
Flavors: r-devel-linux-x86_64-fedora-clang, r-devel-linux-x86_64-fedora-gcc, r-release-macos-arm64, r-release-macos-x86_64