CRAN Package Check Results for Package stpm

Last updated on 2022-01-20 23:52:30 CET.

Flavor Version Tinstall Tcheck Ttotal Status Flags
r-devel-linux-x86_64-debian-clang 1.7.10 OK
r-devel-linux-x86_64-debian-gcc 1.7.10 166.37 329.87 496.24 OK
r-devel-linux-x86_64-fedora-clang 1.7.10 957.40 NOTE
r-devel-linux-x86_64-fedora-gcc 1.7.10 835.22 OK
r-devel-windows-x86_64-new-UL 1.7.10 206.00 441.00 647.00 OK
r-devel-windows-x86_64-new-TK 1.7.10 OK
r-patched-linux-x86_64 1.7.10 192.08 459.18 651.26 OK
r-release-linux-x86_64 1.7.10 193.64 430.46 624.10 OK
r-release-macos-arm64 1.7.10 NOTE
r-release-macos-x86_64 1.7.10 NOTE
r-release-windows-ix86+x86_64 1.7.10 500.00 575.00 1075.00 NOTE
r-oldrel-macos-x86_64 1.7.10 NOTE
r-oldrel-windows-ix86+x86_64 1.7.10 498.00 547.00 1045.00 NOTE

Check Details

Version: 1.7.10
Check: installed package size
Result: NOTE
     installed size is 9.2Mb
     sub-directories of 1Mb or more:
     libs 6.8Mb
Flavors: r-devel-linux-x86_64-fedora-clang, r-release-macos-arm64, r-release-macos-x86_64, r-release-windows-ix86+x86_64, r-oldrel-macos-x86_64, r-oldrel-windows-ix86+x86_64