Last updated on 2022-05-20 07:49:32 CEST.
Flavor | Version | Tinstall | Tcheck | Ttotal | Status | Flags |
---|---|---|---|---|---|---|
r-devel-linux-x86_64-debian-clang | 0.2.0 | 21.82 | 311.39 | 333.21 | OK | |
r-devel-linux-x86_64-debian-gcc | 0.2.0 | 17.60 | 229.03 | 246.63 | OK | |
r-devel-linux-x86_64-fedora-clang | 0.2.0 | 381.60 | NOTE | |||
r-devel-linux-x86_64-fedora-gcc | 0.2.0 | 400.26 | NOTE | |||
r-devel-windows-x86_64 | 0.2.0 | 57.00 | 329.00 | 386.00 | OK | |
r-patched-linux-x86_64 | 0.2.0 | 21.48 | 289.58 | 311.06 | OK | |
r-release-linux-x86_64 | 0.2.0 | 16.38 | 280.13 | 296.51 | OK | |
r-release-macos-arm64 | 0.2.0 | 85.00 | NOTE | |||
r-release-macos-x86_64 | 0.2.0 | 167.00 | NOTE | |||
r-release-windows-x86_64 | 0.2.0 | 74.00 | 326.00 | 400.00 | OK | |
r-oldrel-macos-arm64 | 0.2.0 | 132.00 | NOTE | |||
r-oldrel-macos-x86_64 | 0.2.0 | 170.00 | NOTE | |||
r-oldrel-windows-ix86+x86_64 | 0.2.0 | 43.00 | 336.00 | 379.00 | OK |
Version: 0.2.0
Check: data for non-ASCII characters
Result: NOTE
Note: found 1 marked UTF-8 string
Flavors: r-devel-linux-x86_64-fedora-clang, r-devel-linux-x86_64-fedora-gcc, r-release-macos-arm64, r-release-macos-x86_64, r-oldrel-macos-arm64, r-oldrel-macos-x86_64
Version: 0.2.0
Check: package dependencies
Result: NOTE
Package suggested but not available for checking: ‘Rsymphony’
Flavor: r-oldrel-macos-arm64