CRAN Package Check Results for Package strat

Last updated on 2022-05-20 21:53:04 CEST.

Flavor Version Tinstall Tcheck Ttotal Status Flags
r-devel-linux-x86_64-debian-clang 0.1 26.39 48.31 74.70 OK
r-devel-linux-x86_64-debian-gcc 0.1 23.19 37.59 60.78 OK
r-devel-linux-x86_64-fedora-clang 0.1 105.34 NOTE
r-devel-linux-x86_64-fedora-gcc 0.1 95.91 NOTE
r-devel-windows-x86_64 0.1 29.00 82.00 111.00 OK
r-patched-linux-x86_64 0.1 27.12 47.21 74.33 OK
r-release-linux-x86_64 0.1 18.62 47.00 65.62 OK
r-release-macos-arm64 0.1 34.00 OK
r-release-macos-x86_64 0.1 45.00 OK
r-release-windows-x86_64 0.1 31.00 86.00 117.00 OK
r-oldrel-macos-arm64 0.1 36.00 OK
r-oldrel-macos-x86_64 0.1 46.00 OK
r-oldrel-windows-ix86+x86_64 0.1 77.00 91.00 168.00 OK

Check Details

Version: 0.1
Check: compiled code
Result: NOTE
    File ‘strat/libs/strat.so’:
     Found no calls to: ‘R_registerRoutines’, ‘R_useDynamicSymbols’
    
    It is good practice to register native routines and to disable symbol
    search.
    
    See ‘Writing portable packages’ in the ‘Writing R Extensions’ manual.
Flavors: r-devel-linux-x86_64-fedora-clang, r-devel-linux-x86_64-fedora-gcc