CRAN Package Check Results for Package streamDAG

Last updated on 2024-04-21 08:54:05 CEST.

Flavor Version Tinstall Tcheck Ttotal Status Flags
r-devel-linux-x86_64-debian-clang 1.5 15.48 215.77 231.25 NOTE
r-devel-linux-x86_64-debian-gcc 1.5 10.73 159.19 169.92 NOTE
r-devel-linux-x86_64-fedora-clang 1.5 301.08 NOTE
r-devel-linux-x86_64-fedora-gcc 1.5 312.83 NOTE
r-prerel-macos-arm64 1.5 110.00 NOTE
r-prerel-windows-x86_64 1.5 11.00 208.00 219.00 NOTE
r-patched-linux-x86_64 1.5 15.07 200.07 215.14 NOTE
r-release-linux-x86_64 1.5 10.52 198.08 208.60 OK
r-release-macos-arm64 1.5 86.00 OK
r-release-macos-x86_64 1.5 161.00 OK
r-release-windows-x86_64 1.5 14.00 181.00 195.00 OK
r-oldrel-macos-arm64 1.5 127.00 OK
r-oldrel-windows-x86_64 1.5 16.00 185.00 201.00 OK

Check Details

Version: 1.5
Check: Rd files
Result: NOTE checkRd: (-1) isle.Rd:38: Lost braces 38 | \code{\link[streamDAG]{stream.order}}, \code{\link[igraph]{delete.vertices}}, code{\link[igraph]{add.vertices}}, code{\link[igraph]{add.edges}} | ^ checkRd: (-1) isle.Rd:38: Lost braces 38 | \code{\link[streamDAG]{stream.order}}, \code{\link[igraph]{delete.vertices}}, code{\link[igraph]{add.vertices}}, code{\link[igraph]{add.edges}} | ^ Flavors: r-devel-linux-x86_64-debian-clang, r-devel-linux-x86_64-debian-gcc, r-devel-linux-x86_64-fedora-clang, r-devel-linux-x86_64-fedora-gcc, r-prerel-macos-arm64, r-prerel-windows-x86_64, r-patched-linux-x86_64