CRAN Package Check Results for Package strucchangeRcpp

Last updated on 2022-05-19 03:56:10 CEST.

Flavor Version Tinstall Tcheck Ttotal Status Flags
r-devel-linux-x86_64-debian-clang 1.5-3-1.0.4 109.99 105.06 215.05 OK
r-devel-linux-x86_64-debian-gcc 1.5-3-1.0.4 83.31 79.12 162.43 OK
r-devel-linux-x86_64-fedora-clang 1.5-3-1.0.4 284.29 OK
r-devel-linux-x86_64-fedora-gcc 1.5-3-1.0.4 258.95 OK
r-devel-windows-x86_64 1.5-3-1.0.4 263.00 163.00 426.00 OK
r-patched-linux-x86_64 1.5-3-1.0.4 86.97 99.74 186.71 OK
r-release-linux-x86_64 1.5-3-1.0.4 82.33 99.17 181.50 OK
r-release-macos-arm64 1.5-3-1.0.4 64.00 NOTE
r-release-macos-x86_64 1.5-3-1.0.4 91.00 NOTE
r-release-windows-x86_64 1.5-3-1.0.4 140.00 166.00 306.00 OK
r-oldrel-macos-arm64 1.5-3-1.0.4 105.00 NOTE
r-oldrel-macos-x86_64 1.5-3-1.0.4 88.00 NOTE
r-oldrel-windows-ix86+x86_64 1.5-3-1.0.4 247.00 182.00 429.00 OK

Check Details

Version: 1.5-3-1.0.4
Check: installed package size
Result: NOTE
     installed size is 5.6Mb
     sub-directories of 1Mb or more:
     libs 4.2Mb
Flavors: r-release-macos-arm64, r-release-macos-x86_64, r-oldrel-macos-arm64, r-oldrel-macos-x86_64