Last updated on 2022-05-24 10:51:16 CEST.
Flavor | Version | Tinstall | Tcheck | Ttotal | Status | Flags |
---|---|---|---|---|---|---|
r-devel-linux-x86_64-debian-clang | 1.0.1 | 3.45 | 59.67 | 63.12 | OK | |
r-devel-linux-x86_64-debian-gcc | 1.0.1 | 2.58 | 43.78 | 46.36 | OK | |
r-devel-linux-x86_64-fedora-clang | 1.0.1 | 80.22 | OK | |||
r-devel-linux-x86_64-fedora-gcc | 1.0.1 | 75.63 | OK | |||
r-devel-windows-x86_64 | 1.0.1 | 20.00 | 66.00 | 86.00 | OK | |
r-patched-linux-x86_64 | 1.0.1 | 3.51 | 56.67 | 60.18 | OK | |
r-release-linux-x86_64 | 1.0.1 | OK | ||||
r-release-macos-arm64 | 1.0.1 | 24.00 | OK | |||
r-release-macos-x86_64 | 1.0.1 | 31.00 | OK | |||
r-release-windows-x86_64 | 1.0 | 22.00 | 67.00 | 89.00 | NOTE | |
r-oldrel-macos-arm64 | 1.0.1 | 21.00 | OK | |||
r-oldrel-macos-x86_64 | 1.0.1 | 32.00 | OK | |||
r-oldrel-windows-ix86+x86_64 | 1.0.1 | 7.00 | 66.00 | 73.00 | OK |
Version: 1.0
Check: R code for possible problems
Result: NOTE
supcluster : itgamma: no visible global function definition for
'rgamma'
supcluster : itgamma: no visible global function definition for
'dgamma'
supcluster : itgamma: no visible global function definition for 'runif'
supcluster : itbeta: no visible global function definition for 'rnorm'
supcluster : itbeta: no visible global function definition for 'runif'
supcluster : itj: no visible global function definition for 'dmultinom'
supcluster: no visible global function definition for 'kmeans'
tab1: no visible global function definition for 'image'
tab1: no visible global function definition for 'gray'
tab1: no visible global function definition for 'var'
Undefined global functions or variables:
dgamma dmultinom gray image kmeans rgamma rnorm runif var
Consider adding
importFrom("grDevices", "gray")
importFrom("graphics", "image")
importFrom("stats", "dgamma", "dmultinom", "kmeans", "rgamma", "rnorm",
"runif", "var")
to your NAMESPACE file.
Flavor: r-release-windows-x86_64