CRAN Package Check Results for Package surrosurvROC

Last updated on 2022-01-21 19:48:51 CET.

Flavor Version Tinstall Tcheck Ttotal Status Flags
r-devel-linux-x86_64-debian-clang 0.1.0 6.53 78.08 84.61 NOTE
r-devel-linux-x86_64-debian-gcc 0.1.0 6.57 59.23 65.80 NOTE
r-devel-linux-x86_64-fedora-clang 0.1.0 103.35 NOTE
r-devel-linux-x86_64-fedora-gcc 0.1.0 93.22 NOTE
r-devel-windows-x86_64-new-UL 0.1.0 23.00 94.00 117.00 NOTE
r-devel-windows-x86_64-new-TK 0.1.0 NOTE
r-patched-linux-x86_64 0.1.0 6.14 75.18 81.32 NOTE
r-release-linux-x86_64 0.1.0 8.01 75.18 83.19 NOTE
r-release-macos-arm64 0.1.0 NOTE
r-release-macos-x86_64 0.1.0 NOTE
r-release-windows-ix86+x86_64 0.1.0 16.00 89.00 105.00 NOTE
r-oldrel-macos-x86_64 0.1.0 OK
r-oldrel-windows-ix86+x86_64 0.1.0 16.00 74.00 90.00 OK

Check Details

Version: 0.1.0
Check: LazyData
Result: NOTE
     'LazyData' is specified without a 'data' directory
Flavors: r-devel-linux-x86_64-debian-clang, r-devel-linux-x86_64-debian-gcc, r-devel-linux-x86_64-fedora-clang, r-devel-linux-x86_64-fedora-gcc, r-devel-windows-x86_64-new-UL, r-devel-windows-x86_64-new-TK, r-patched-linux-x86_64, r-release-linux-x86_64, r-release-macos-arm64, r-release-macos-x86_64, r-release-windows-ix86+x86_64