CRAN Package Check Results for Package survBootOutliers

Last updated on 2022-01-29 08:50:33 CET.

Flavor Version Tinstall Tcheck Ttotal Status Flags
r-devel-linux-x86_64-debian-clang 1.0 6.53 131.40 137.93 OK
r-devel-linux-x86_64-debian-gcc 1.0 6.25 98.49 104.74 OK
r-devel-linux-x86_64-fedora-clang 1.0 164.39 OK
r-devel-linux-x86_64-fedora-gcc 1.0 154.73 OK
r-devel-windows-x86_64-new-UL 1.0 70.00 157.00 227.00 OK
r-devel-windows-x86_64-new-TK 1.0 OK
r-patched-linux-x86_64 1.0 OK
r-release-linux-x86_64 1.0 7.85 124.21 132.06 OK
r-release-macos-arm64 1.0 NOTE
r-release-macos-x86_64 1.0 OK
r-release-windows-ix86+x86_64 1.0 21.00 117.00 138.00 OK
r-oldrel-macos-x86_64 1.0 OK
r-oldrel-windows-ix86+x86_64 1.0 20.00 150.00 170.00 OK

Check Details

Version: 1.0
Check: package dependencies
Result: NOTE
    Package suggested but not available for checking: ‘BiocParallel’
Flavor: r-release-macos-arm64