CRAN Package Check Results for Package survELtest

Last updated on 2022-01-29 06:49:50 CET.

Flavor Version Tinstall Tcheck Ttotal Status Flags
r-devel-linux-x86_64-debian-clang 2.0.1 9.98 106.09 116.07 OK
r-devel-linux-x86_64-debian-gcc 2.0.1 8.99 79.23 88.22 OK
r-devel-linux-x86_64-fedora-clang 2.0.1 148.07 OK
r-devel-linux-x86_64-fedora-gcc 2.0.1 130.58 OK
r-devel-windows-x86_64-new-UL 2.0.1 172.00 129.00 301.00 OK
r-devel-windows-x86_64-new-TK 2.0.1 ERROR
r-patched-linux-x86_64 2.0.1 11.38 101.61 112.99 OK
r-release-linux-x86_64 2.0.1 9.97 97.81 107.78 OK
r-release-macos-arm64 2.0.1 OK
r-release-macos-x86_64 2.0.1 OK
r-release-windows-ix86+x86_64 2.0.1 20.00 120.00 140.00 OK
r-oldrel-macos-x86_64 2.0.1 OK
r-oldrel-windows-ix86+x86_64 2.0.1 20.00 118.00 138.00 OK

Check Details

Version: 2.0.1
Check: package dependencies
Result: ERROR
    Package required but not available: 'nloptr'
    
    See section 'The DESCRIPTION file' in the 'Writing R Extensions'
    manual.
Flavor: r-devel-windows-x86_64-new-TK