CRAN Package Check Results for Package survRM2adapt

Last updated on 2022-01-21 20:48:56 CET.

Flavor Version Tinstall Tcheck Ttotal Status Flags
r-devel-linux-x86_64-debian-clang 1.0-1 6.64 69.81 76.45 NOTE
r-devel-linux-x86_64-debian-gcc 1.0-1 5.25 53.69 58.94 NOTE
r-devel-linux-x86_64-fedora-clang 1.0-1 93.83 NOTE
r-devel-linux-x86_64-fedora-gcc 1.0-1 83.04 NOTE
r-devel-windows-x86_64-new-UL 1.0-1 23.00 89.00 112.00 NOTE
r-devel-windows-x86_64-new-TK 1.0-1 NOTE
r-patched-linux-x86_64 1.0-1 6.33 66.55 72.88 NOTE
r-release-linux-x86_64 1.0-1 6.45 67.07 73.52 NOTE
r-release-macos-arm64 1.0-1 NOTE
r-release-macos-x86_64 1.0-1 NOTE
r-release-windows-ix86+x86_64 1.0-1 15.00 82.00 97.00 NOTE
r-oldrel-macos-x86_64 1.0-1 OK
r-oldrel-windows-ix86+x86_64 1.0-1 16.00 63.00 79.00 OK

Check Details

Version: 1.0-1
Check: LazyData
Result: NOTE
     'LazyData' is specified without a 'data' directory
Flavors: r-devel-linux-x86_64-debian-clang, r-devel-linux-x86_64-debian-gcc, r-devel-linux-x86_64-fedora-clang, r-devel-linux-x86_64-fedora-gcc, r-devel-windows-x86_64-new-UL, r-devel-windows-x86_64-new-TK, r-patched-linux-x86_64, r-release-linux-x86_64, r-release-macos-arm64, r-release-macos-x86_64, r-release-windows-ix86+x86_64