Last updated on 2023-02-04 09:56:46 CET.
Flavor | Version | Tinstall | Tcheck | Ttotal | Status | Flags |
---|---|---|---|---|---|---|
r-devel-linux-x86_64-debian-clang | 1.0.5 | 176.14 | 196.58 | 372.72 | NOTE | |
r-devel-linux-x86_64-debian-gcc | 1.0.5 | 120.92 | 141.65 | 262.57 | NOTE | |
r-devel-linux-x86_64-fedora-clang | 1.0.5 | 462.88 | NOTE | |||
r-devel-linux-x86_64-fedora-gcc | 1.0.5 | 427.99 | NOTE | |||
r-devel-windows-x86_64 | 1.0.5 | 218.00 | 250.00 | 468.00 | NOTE | |
r-patched-linux-x86_64 | 1.0.5 | 134.72 | 182.71 | 317.43 | NOTE | |
r-release-linux-x86_64 | 1.0.5 | 118.18 | 181.62 | 299.80 | NOTE | |
r-release-macos-arm64 | 1.0.5 | 124.00 | NOTE | |||
r-release-macos-x86_64 | 1.0.5 | 152.00 | NOTE | |||
r-release-windows-x86_64 | 1.0.5 | 266.00 | 256.00 | 522.00 | NOTE | |
r-oldrel-macos-arm64 | 1.0.5 | 110.00 | NOTE | |||
r-oldrel-macos-x86_64 | 1.0.5 | 152.00 | NOTE | |||
r-oldrel-windows-ix86+x86_64 | 1.0.5 | 398.00 | 324.00 | 722.00 | NOTE |
Version: 1.0.5
Check: package dependencies
Result: NOTE
Package suggested but not available for checking: ‘gurobi’
Flavors: r-devel-linux-x86_64-debian-clang, r-devel-linux-x86_64-debian-gcc, r-devel-linux-x86_64-fedora-clang, r-devel-linux-x86_64-fedora-gcc, r-devel-windows-x86_64, r-patched-linux-x86_64, r-release-linux-x86_64, r-release-macos-arm64, r-release-macos-x86_64, r-release-windows-x86_64, r-oldrel-macos-arm64, r-oldrel-macos-x86_64, r-oldrel-windows-ix86+x86_64
Version: 1.0.5
Check: C++ specification
Result: NOTE
Specified C++11: please update to current default of C++17
Flavors: r-devel-linux-x86_64-debian-clang, r-devel-linux-x86_64-debian-gcc, r-devel-linux-x86_64-fedora-clang, r-devel-linux-x86_64-fedora-gcc, r-devel-windows-x86_64
Version: 1.0.5
Check: installed package size
Result: NOTE
installed size is 10.6Mb
sub-directories of 1Mb or more:
libs 9.5Mb
Flavors: r-release-macos-arm64, r-release-macos-x86_64, r-oldrel-macos-arm64, r-oldrel-macos-x86_64