CRAN Package Check Results for Package svHttp

Last updated on 2022-06-28 14:51:19 CEST.

Flavor Version Tinstall Tcheck Ttotal Status Flags
r-devel-linux-x86_64-debian-clang 1.0.4 2.78 30.89 33.67 OK
r-devel-linux-x86_64-debian-gcc 1.0.4 2.12 24.20 26.32 OK
r-devel-linux-x86_64-fedora-clang 1.0.4 51.81 OK
r-devel-linux-x86_64-fedora-gcc 1.0.4 50.50 OK
r-devel-windows-x86_64 1.0.4 16.00 58.00 74.00 ERROR
r-patched-linux-x86_64 1.0.4 2.63 31.33 33.96 OK
r-release-linux-x86_64 1.0.4 2.78 30.27 33.05 OK
r-release-macos-arm64 1.0.4 19.00 OK
r-release-macos-x86_64 1.0.4 31.00 OK
r-release-windows-x86_64 1.0.4 16.00 58.00 74.00 OK
r-oldrel-macos-arm64 1.0.4 20.00 OK
r-oldrel-macos-x86_64 1.0.4 29.00 OK
r-oldrel-windows-ix86+x86_64 1.0.4 7.00 53.00 60.00 OK

Check Details

Version: 1.0.4
Check: re-building of vignette outputs
Result: ERROR
    Error(s) in re-building vignettes:
    --- re-building 'svHttp.Rmd' using rmarkdown
    --- finished re-building 'svHttp.Rmd'
Flavor: r-devel-windows-x86_64