Last updated on 2022-05-25 20:54:05 CEST.
Flavor | Version | Tinstall | Tcheck | Ttotal | Status | Flags |
---|---|---|---|---|---|---|
r-devel-linux-x86_64-debian-clang | 1.3.9 | 152.51 | 250.09 | 402.60 | WARN | |
r-devel-linux-x86_64-debian-gcc | 1.3.9 | 128.82 | 178.70 | 307.52 | OK | |
r-devel-linux-x86_64-fedora-clang | 1.3.9 | 535.31 | WARN | |||
r-devel-linux-x86_64-fedora-gcc | 1.3.9 | 486.68 | OK | |||
r-devel-windows-x86_64 | 1.3.9 | 134.00 | 292.00 | 426.00 | OK | |
r-patched-linux-x86_64 | 1.3.9 | 144.64 | 229.07 | 373.71 | OK | |
r-release-linux-x86_64 | 1.3.9 | OK | ||||
r-release-macos-arm64 | 1.3.9 | 115.00 | NOTE | |||
r-release-macos-x86_64 | 1.3.9 | 232.00 | NOTE | |||
r-release-windows-x86_64 | 1.3.9 | 131.00 | 276.00 | 407.00 | OK | |
r-oldrel-macos-arm64 | 1.3.9 | 109.00 | NOTE | |||
r-oldrel-macos-x86_64 | 1.3.9 | 154.00 | NOTE | |||
r-oldrel-windows-ix86+x86_64 | 1.3.9 | 363.00 | 381.00 | 744.00 | OK |
Version: 1.3.9
Check: whether package can be installed
Result: WARN
Found the following significant warnings:
ChangesInVolatility.cpp:47:7: warning: use of bitwise '|' with boolean operands [-Wbitwise-instead-of-logical]
Flavors: r-devel-linux-x86_64-debian-clang, r-devel-linux-x86_64-fedora-clang
Version: 1.3.9
Check: installed package size
Result: NOTE
installed size is 7.1Mb
sub-directories of 1Mb or more:
help 1.1Mb
libs 5.3Mb
Flavors: r-devel-linux-x86_64-fedora-clang, r-release-macos-arm64, r-release-macos-x86_64, r-oldrel-macos-arm64, r-oldrel-macos-x86_64