CRAN Package Check Results for Package svglite

Last updated on 2022-01-22 10:59:08 CET.

Flavor Version Tinstall Tcheck Ttotal Status Flags
r-devel-linux-x86_64-debian-clang 2.0.0 9.64 37.92 47.56 OK
r-devel-linux-x86_64-debian-gcc 2.0.0 8.51 29.67 38.18 OK
r-devel-linux-x86_64-fedora-clang 2.0.0 66.06 OK
r-devel-linux-x86_64-fedora-gcc 2.0.0 51.88 OK
r-devel-windows-x86_64-new-UL 2.0.0 53.00 90.00 143.00 ERROR
r-devel-windows-x86_64-new-TK 2.0.0 OK
r-patched-linux-x86_64 2.0.0 11.62 37.36 48.98 OK
r-release-linux-x86_64 2.0.0 11.47 37.41 48.88 OK
r-release-macos-arm64 2.0.0 OK
r-release-macos-x86_64 2.0.0 OK
r-release-windows-ix86+x86_64 2.0.0 31.00 72.00 103.00 OK
r-oldrel-macos-x86_64 2.0.0 OK
r-oldrel-windows-ix86+x86_64 2.0.0 31.00 78.00 109.00 OK

Check Details

Version: 2.0.0
Check: tests
Result: ERROR
     Running 'testthat.R' [3s]
    Running the tests in 'tests/testthat.R' failed.
    Complete output:
     > library(testthat)
     > library(svglite)
     >
     > test_check("svglite")
     ══ Skipped tests ═══════════════════════════════════════════════════════════════
     • On Windows (1)
     • empty test (4)
    
     ══ Failed tests ════════════════════════════════════════════════════════════════
     ── Failure (test-text-fonts.R:10:3): font sets weight/style ────────────────────
     style_attr(text, "font-weight") not equal to c(NA, "bold", NA, "bold").
     2/4 mismatches
     x[2]: NA
     y[2]: "bold"
    
     x[4]: NA
     y[4]: "bold"
    
     [ FAIL 1 | WARN 1 | SKIP 5 | PASS 104 ]
     Error: Test failures
     Execution halted
Flavor: r-devel-windows-x86_64-new-UL