Last updated on 2023-01-28 19:52:28 CET.
Flavor | Version | Tinstall | Tcheck | Ttotal | Status | Flags |
---|---|---|---|---|---|---|
r-devel-linux-x86_64-debian-clang | 0.1.4 | 136.37 | 68.42 | 204.79 | OK | |
r-devel-linux-x86_64-debian-gcc | 0.1.4 | 124.00 | 55.30 | 179.30 | NOTE | |
r-devel-linux-x86_64-fedora-clang | 0.1.4 | 264.75 | NOTE | |||
r-devel-linux-x86_64-fedora-gcc | 0.1.4 | 311.56 | NOTE | |||
r-patched-linux-x86_64 | 0.1.4 | 134.66 | 70.92 | 205.58 | OK | |
r-release-linux-x86_64 | 0.1.4 | 124.43 | 71.24 | 195.67 | OK | |
r-release-macos-arm64 | 0.1.4 | 90.00 | NOTE | |||
r-release-macos-x86_64 | 0.1.4 | 104.00 | NOTE | |||
r-release-windows-x86_64 | 0.1.4 | 104.00 | 145.00 | 249.00 | NOTE | |
r-oldrel-macos-arm64 | 0.1.4 | 70.00 | NOTE | |||
r-oldrel-macos-x86_64 | 0.1.4 | 105.00 | NOTE | |||
r-oldrel-windows-ix86+x86_64 | 0.1.4 | 305.00 | 193.00 | 498.00 | NOTE |
Version: 0.1.4
Check: C++ specification
Result: NOTE
Specified C++11: please update to current default of C++17
Flavors: r-devel-linux-x86_64-debian-gcc, r-devel-linux-x86_64-fedora-clang, r-devel-linux-x86_64-fedora-gcc
Version: 0.1.4
Check: installed package size
Result: NOTE
installed size is 5.7Mb
sub-directories of 1Mb or more:
libs 5.1Mb
Flavors: r-devel-linux-x86_64-fedora-clang, r-release-macos-arm64, r-release-macos-x86_64, r-release-windows-x86_64, r-oldrel-macos-arm64, r-oldrel-macos-x86_64, r-oldrel-windows-ix86+x86_64