Last updated on 2023-11-30 13:48:58 CET.
Flavor | Version | Tinstall | Tcheck | Ttotal | Status | Flags |
---|---|---|---|---|---|---|
r-devel-linux-x86_64-debian-clang | 0.6.3 | 10.92 | 376.14 | 387.06 | NOTE | |
r-devel-linux-x86_64-debian-gcc | 0.6.3 | 10.06 | 228.58 | 238.64 | NOTE | |
r-devel-linux-x86_64-fedora-clang | 0.6.3 | 473.96 | OK | |||
r-devel-linux-x86_64-fedora-gcc | 0.6.3 | 432.67 | OK | |||
r-devel-windows-x86_64 | 0.6.3 | 11.00 | 217.00 | 228.00 | OK | |
r-patched-linux-x86_64 | 0.6.3 | 12.08 | 334.41 | 346.49 | OK | |
r-release-linux-x86_64 | 0.6.3 | 10.78 | 328.80 | 339.58 | OK | |
r-release-macos-arm64 | 0.6.3 | 131.00 | OK | |||
r-release-macos-x86_64 | 0.6.3 | 287.00 | OK | |||
r-release-windows-x86_64 | 0.6.3 | 15.00 | 320.00 | 335.00 | OK | |
r-oldrel-macos-arm64 | 0.6.3 | 109.00 | OK | |||
r-oldrel-macos-x86_64 | 0.6.3 | 185.00 | OK | |||
r-oldrel-windows-x86_64 | 0.6.3 | 15.00 | 313.00 | 328.00 | OK |
Version: 0.6.3
Check: Rd files
Result: NOTE
checkRd: (-1) as_bootstrap_design.Rd:24-30: Lost braces in \itemize; meant \describe ?
checkRd: (-1) as_bootstrap_design.Rd:31-35: Lost braces in \itemize; meant \describe ?
checkRd: (-1) as_bootstrap_design.Rd:36-39: Lost braces in \itemize; meant \describe ?
checkRd: (-1) as_bootstrap_design.Rd:40-42: Lost braces in \itemize; meant \describe ?
checkRd: (-1) as_bootstrap_design.Rd:60: Lost braces in \itemize; meant \describe ?
checkRd: (-1) as_bootstrap_design.Rd:61: Lost braces in \itemize; meant \describe ?
checkRd: (-1) as_bootstrap_design.Rd:62: Lost braces in \itemize; meant \describe ?
checkRd: (-1) as_bootstrap_design.Rd:63: Lost braces in \itemize; meant \describe ?
checkRd: (-1) as_bootstrap_design.Rd:64: Lost braces in \itemize; meant \describe ?
checkRd: (-1) as_fays_gen_rep_design.Rd:29-30: Lost braces in \itemize; meant \describe ?
checkRd: (-1) as_fays_gen_rep_design.Rd:31-32: Lost braces in \itemize; meant \describe ?
checkRd: (-1) as_fays_gen_rep_design.Rd:33-35: Lost braces in \itemize; meant \describe ?
checkRd: (-1) as_fays_gen_rep_design.Rd:36-37: Lost braces in \itemize; meant \describe ?
checkRd: (-1) as_fays_gen_rep_design.Rd:38-39: Lost braces in \itemize; meant \describe ?
checkRd: (-1) as_fays_gen_rep_design.Rd:40-42: Lost braces in \itemize; meant \describe ?
checkRd: (-1) as_fays_gen_rep_design.Rd:43-45: Lost braces in \itemize; meant \describe ?
checkRd: (-1) as_fays_gen_rep_design.Rd:46-47: Lost braces in \itemize; meant \describe ?
checkRd: (-1) as_fays_gen_rep_design.Rd:48-49: Lost braces in \itemize; meant \describe ?
checkRd: (-1) as_fays_gen_rep_design.Rd:50-52: Lost braces in \itemize; meant \describe ?
checkRd: (-1) as_gen_boot_design.Rd:29-30: Lost braces in \itemize; meant \describe ?
checkRd: (-1) as_gen_boot_design.Rd:31-32: Lost braces in \itemize; meant \describe ?
checkRd: (-1) as_gen_boot_design.Rd:33-35: Lost braces in \itemize; meant \describe ?
checkRd: (-1) as_gen_boot_design.Rd:36-37: Lost braces in \itemize; meant \describe ?
checkRd: (-1) as_gen_boot_design.Rd:38-39: Lost braces in \itemize; meant \describe ?
checkRd: (-1) as_gen_boot_design.Rd:40-42: Lost braces in \itemize; meant \describe ?
checkRd: (-1) as_gen_boot_design.Rd:43-45: Lost braces in \itemize; meant \describe ?
checkRd: (-1) as_gen_boot_design.Rd:46-47: Lost braces in \itemize; meant \describe ?
checkRd: (-1) as_gen_boot_design.Rd:48-49: Lost braces in \itemize; meant \describe ?
checkRd: (-1) as_gen_boot_design.Rd:50-52: Lost braces in \itemize; meant \describe ?
checkRd: (-1) as_random_group_jackknife_design.Rd:43-46: Lost braces in \itemize; meant \describe ?
checkRd: (-1) as_random_group_jackknife_design.Rd:47-51: Lost braces in \itemize; meant \describe ?
checkRd: (-1) as_random_group_jackknife_design.Rd:59-63: Lost braces in \itemize; meant \describe ?
checkRd: (-1) as_random_group_jackknife_design.Rd:64-68: Lost braces in \itemize; meant \describe ?
checkRd: (-1) get_design_quad_form.Rd:25-26: Lost braces in \itemize; meant \describe ?
checkRd: (-1) get_design_quad_form.Rd:27-28: Lost braces in \itemize; meant \describe ?
checkRd: (-1) get_design_quad_form.Rd:29-30: Lost braces in \itemize; meant \describe ?
checkRd: (-1) get_design_quad_form.Rd:31-32: Lost braces in \itemize; meant \describe ?
checkRd: (-1) get_design_quad_form.Rd:33-34: Lost braces in \itemize; meant \describe ?
checkRd: (-1) get_design_quad_form.Rd:35-37: Lost braces in \itemize; meant \describe ?
checkRd: (-1) get_design_quad_form.Rd:38-40: Lost braces in \itemize; meant \describe ?
checkRd: (-1) get_design_quad_form.Rd:41-42: Lost braces in \itemize; meant \describe ?
checkRd: (-1) get_design_quad_form.Rd:43-44: Lost braces in \itemize; meant \describe ?
checkRd: (-1) get_design_quad_form.Rd:45-47: Lost braces in \itemize; meant \describe ?
checkRd: (-1) libraries.Rd:20: Lost braces in \itemize; meant \describe ?
checkRd: (-1) libraries.Rd:21: Lost braces in \itemize; meant \describe ?
checkRd: (-1) libraries.Rd:22-23: Lost braces in \itemize; meant \describe ?
checkRd: (-1) libraries.Rd:27: Lost braces in \itemize; meant \describe ?
checkRd: (-1) libraries.Rd:28: Lost braces in \itemize; meant \describe ?
checkRd: (-1) libraries.Rd:29: Lost braces in \itemize; meant \describe ?
checkRd: (-1) libraries.Rd:30: Lost braces in \itemize; meant \describe ?
checkRd: (-1) libraries.Rd:31: Lost braces in \itemize; meant \describe ?
checkRd: (-1) libraries.Rd:32: Lost braces in \itemize; meant \describe ?
checkRd: (-1) libraries.Rd:33: Lost braces in \itemize; meant \describe ?
checkRd: (-1) libraries.Rd:34: Lost braces in \itemize; meant \describe ?
checkRd: (-1) libraries.Rd:35: Lost braces in \itemize; meant \describe ?
checkRd: (-1) libraries.Rd:39: Lost braces in \itemize; meant \describe ?
checkRd: (-1) libraries.Rd:40: Lost braces in \itemize; meant \describe ?
checkRd: (-1) libraries.Rd:41: Lost braces in \itemize; meant \describe ?
checkRd: (-1) libraries.Rd:42: Lost braces in \itemize; meant \describe ?
checkRd: (-1) libraries.Rd:43: Lost braces in \itemize; meant \describe ?
checkRd: (-1) libraries.Rd:55: Lost braces in \itemize; meant \describe ?
checkRd: (-1) libraries.Rd:56: Lost braces in \itemize; meant \describe ?
checkRd: (-1) libraries.Rd:57: Lost braces in \itemize; meant \describe ?
checkRd: (-1) libraries.Rd:58: Lost braces in \itemize; meant \describe ?
checkRd: (-1) libraries.Rd:59: Lost braces in \itemize; meant \describe ?
checkRd: (-1) libraries.Rd:60: Lost braces in \itemize; meant \describe ?
checkRd: (-1) libraries.Rd:61: Lost braces in \itemize; meant \describe ?
checkRd: (-1) libraries.Rd:69: Lost braces in \itemize; meant \describe ?
checkRd: (-1) libraries.Rd:70: Lost braces in \itemize; meant \describe ?
checkRd: (-1) libraries.Rd:71: Lost braces in \itemize; meant \describe ?
checkRd: (-1) libraries.Rd:72: Lost braces in \itemize; meant \describe ?
checkRd: (-1) lou_pums_microdata.Rd:10: Lost braces in \itemize; meant \describe ?
checkRd: (-1) lou_pums_microdata.Rd:11: Lost braces in \itemize; meant \describe ?
checkRd: (-1) lou_pums_microdata.Rd:12-14: Lost braces in \itemize; meant \describe ?
checkRd: (-1) lou_pums_microdata.Rd:15: Lost braces in \itemize; meant \describe ?
checkRd: (-1) lou_pums_microdata.Rd:16-17: Lost braces in \itemize; meant \describe ?
checkRd: (-1) lou_pums_microdata.Rd:18: Lost braces in \itemize; meant \describe ?
checkRd: (-1) lou_pums_microdata.Rd:19-20: Lost braces in \itemize; meant \describe ?
checkRd: (-1) lou_vax_survey_control_totals.Rd:14: Lost braces in \itemize; meant \describe ?
checkRd: (-1) lou_vax_survey_control_totals.Rd:15: Lost braces in \itemize; meant \describe ?
checkRd: (-1) lou_vax_survey_control_totals.Rd:21: Lost braces in \itemize; meant \describe ?
checkRd: (-1) lou_vax_survey_control_totals.Rd:22: Lost braces in \itemize; meant \describe ?
checkRd: (-1) make_ppswor_approx_matrix.Rd:58-59: Lost braces in \itemize; meant \describe ?
checkRd: (-1) make_ppswor_approx_matrix.Rd:60-61: Lost braces in \itemize; meant \describe ?
checkRd: (-1) make_quad_form_matrix.Rd:23-25: Lost braces in \itemize; meant \describe ?
checkRd: (-1) make_quad_form_matrix.Rd:26-28: Lost braces in \itemize; meant \describe ?
checkRd: (-1) make_quad_form_matrix.Rd:29-32: Lost braces in \itemize; meant \describe ?
checkRd: (-1) make_quad_form_matrix.Rd:33-37: Lost braces in \itemize; meant \describe ?
checkRd: (-1) make_quad_form_matrix.Rd:38-41: Lost braces in \itemize; meant \describe ?
checkRd: (-1) make_quad_form_matrix.Rd:42-45: Lost braces in \itemize; meant \describe ?
checkRd: (-1) make_quad_form_matrix.Rd:46-47: Lost braces in \itemize; meant \describe ?
checkRd: (-1) make_quad_form_matrix.Rd:48-50: Lost braces in \itemize; meant \describe ?
checkRd: (-1) make_quad_form_matrix.Rd:51-53: Lost braces in \itemize; meant \describe ?
checkRd: (-1) make_rwyb_bootstrap_weights.Rd:33: Lost braces in \itemize; meant \describe ?
checkRd: (-1) make_rwyb_bootstrap_weights.Rd:34: Lost braces in \itemize; meant \describe ?
checkRd: (-1) make_rwyb_bootstrap_weights.Rd:35: Lost braces in \itemize; meant \describe ?
checkRd: (-1) make_rwyb_bootstrap_weights.Rd:36: Lost braces in \itemize; meant \describe ?
checkRd: (-1) make_rwyb_bootstrap_weights.Rd:37: Lost braces in \itemize; meant \describe ?
checkRd: (-1) make_rwyb_bootstrap_weights.Rd:75: Lost braces in \itemize; meant \describe ?
checkRd: (-1) make_rwyb_bootstrap_weights.Rd:76: Lost braces in \itemize; meant \describe ?
checkRd: (-1) make_rwyb_bootstrap_weights.Rd:77: Lost braces in \itemize; meant \describe ?
checkRd: (-1) make_rwyb_bootstrap_weights.Rd:78: Lost braces in \itemize; meant \describe ?
checkRd: (-1) summarize_rep_weights.Rd:28: Lost braces in \itemize; \value handles \item{}{} directly
checkRd: (-1) summarize_rep_weights.Rd:29: Lost braces in \itemize; \value handles \item{}{} directly
checkRd: (-1) summarize_rep_weights.Rd:30: Lost braces in \itemize; \value handles \item{}{} directly
checkRd: (-1) summarize_rep_weights.Rd:31: Lost braces in \itemize; \value handles \item{}{} directly
checkRd: (-1) summarize_rep_weights.Rd:32: Lost braces in \itemize; \value handles \item{}{} directly
checkRd: (-1) summarize_rep_weights.Rd:33: Lost braces in \itemize; \value handles \item{}{} directly
checkRd: (-1) summarize_rep_weights.Rd:34: Lost braces in \itemize; \value handles \item{}{} directly
checkRd: (-1) summarize_rep_weights.Rd:35: Lost braces in \itemize; \value handles \item{}{} directly
checkRd: (-1) summarize_rep_weights.Rd:43-44: Lost braces in \itemize; \value handles \item{}{} directly
checkRd: (-1) summarize_rep_weights.Rd:45: Lost braces in \itemize; \value handles \item{}{} directly
checkRd: (-1) summarize_rep_weights.Rd:46: Lost braces in \itemize; \value handles \item{}{} directly
checkRd: (-1) summarize_rep_weights.Rd:47: Lost braces in \itemize; \value handles \item{}{} directly
checkRd: (-1) summarize_rep_weights.Rd:48: Lost braces in \itemize; \value handles \item{}{} directly
checkRd: (-1) summarize_rep_weights.Rd:49: Lost braces in \itemize; \value handles \item{}{} directly
checkRd: (-1) summarize_rep_weights.Rd:50: Lost braces in \itemize; \value handles \item{}{} directly
checkRd: (-1) summarize_rep_weights.Rd:51: Lost braces in \itemize; \value handles \item{}{} directly
checkRd: (-1) variance-estimators.Rd:137-138: Lost braces in \itemize; meant \describe ?
checkRd: (-1) variance-estimators.Rd:139-140: Lost braces in \itemize; meant \describe ?
Flavors: r-devel-linux-x86_64-debian-clang, r-devel-linux-x86_64-debian-gcc