Last updated on 2022-05-28 18:51:27 CEST.
Flavor | Version | Tinstall | Tcheck | Ttotal | Status | Flags |
---|---|---|---|---|---|---|
r-devel-linux-x86_64-debian-clang | 0.2.1 | 205.90 | 45.95 | 251.85 | NOTE | |
r-devel-linux-x86_64-debian-gcc | 0.2.1 | 163.62 | 34.81 | 198.43 | NOTE | |
r-devel-linux-x86_64-fedora-clang | 0.2.1 | 408.35 | NOTE | |||
r-devel-linux-x86_64-fedora-gcc | 0.2.1 | 318.17 | NOTE | |||
r-devel-windows-x86_64 | 0.2.1 | 167.00 | 83.00 | 250.00 | NOTE | |
r-patched-linux-x86_64 | 0.2.1 | 167.08 | 44.27 | 211.35 | NOTE | |
r-release-linux-x86_64 | 0.2.1 | 166.50 | 44.27 | 210.77 | NOTE | |
r-release-macos-arm64 | 0.2.1 | 84.00 | NOTE | |||
r-release-macos-x86_64 | 0.2.1 | 100.00 | NOTE | |||
r-release-windows-x86_64 | 0.2.1 | 170.00 | 85.00 | 255.00 | NOTE | |
r-oldrel-macos-arm64 | 0.2.1 | 88.00 | NOTE | |||
r-oldrel-macos-x86_64 | 0.2.1 | 153.00 | NOTE | |||
r-oldrel-windows-ix86+x86_64 | 0.2.1 | 511.00 | 92.00 | 603.00 | NOTE |
Version: 0.2.1
Check: LazyData
Result: NOTE
'LazyData' is specified without a 'data' directory
Flavors: r-devel-linux-x86_64-debian-clang, r-devel-linux-x86_64-debian-gcc, r-devel-linux-x86_64-fedora-clang, r-devel-linux-x86_64-fedora-gcc, r-devel-windows-x86_64, r-patched-linux-x86_64, r-release-linux-x86_64, r-release-macos-arm64, r-release-macos-x86_64, r-release-windows-x86_64, r-oldrel-macos-arm64, r-oldrel-macos-x86_64, r-oldrel-windows-ix86+x86_64
Version: 0.2.1
Check: installed package size
Result: NOTE
installed size is 5.1Mb
sub-directories of 1Mb or more:
libs 5.0Mb
Flavors: r-release-macos-arm64, r-oldrel-macos-arm64