CRAN Package Check Results for Package syuzhet

Last updated on 2022-05-17 19:04:57 CEST.

Flavor Version Tinstall Tcheck Ttotal Status Flags
r-devel-linux-x86_64-debian-clang 1.0.6 12.66 801.73 814.39 NOTE
r-devel-linux-x86_64-debian-gcc 1.0.6 10.09 600.41 610.50 NOTE
r-devel-linux-x86_64-fedora-clang 1.0.6 915.12 NOTE
r-devel-linux-x86_64-fedora-gcc 1.0.6 911.57 NOTE
r-devel-windows-x86_64 1.0.6 25.00 818.00 843.00 NOTE
r-patched-linux-x86_64 1.0.6 13.41 743.31 756.72 NOTE
r-release-linux-x86_64 1.0.6 12.10 746.21 758.31 NOTE
r-release-macos-arm64 1.0.6 133.00 NOTE
r-release-macos-x86_64 1.0.6 452.00 NOTE
r-release-windows-x86_64 1.0.6 26.00 803.00 829.00 NOTE
r-oldrel-macos-arm64 1.0.6 142.00 NOTE
r-oldrel-macos-x86_64 1.0.6 222.00 NOTE
r-oldrel-windows-ix86+x86_64 1.0.6 23.00 888.00 911.00 NOTE

Check Details

Version: 1.0.6
Check: LazyData
Result: NOTE
     'LazyData' is specified without a 'data' directory
Flavors: r-devel-linux-x86_64-debian-clang, r-devel-linux-x86_64-debian-gcc, r-devel-linux-x86_64-fedora-clang, r-devel-linux-x86_64-fedora-gcc, r-devel-windows-x86_64, r-patched-linux-x86_64, r-release-linux-x86_64, r-release-macos-arm64, r-release-macos-x86_64, r-release-windows-x86_64, r-oldrel-macos-arm64, r-oldrel-macos-x86_64, r-oldrel-windows-ix86+x86_64

Version: 1.0.6
Check: installed package size
Result: NOTE
     installed size is 5.3Mb
     sub-directories of 1Mb or more:
     R 1.3Mb
     extdata 3.1Mb
Flavors: r-devel-linux-x86_64-fedora-clang, r-devel-windows-x86_64, r-release-macos-arm64, r-release-macos-x86_64, r-release-windows-x86_64, r-oldrel-macos-arm64, r-oldrel-macos-x86_64, r-oldrel-windows-ix86+x86_64