Last updated on 2022-05-17 10:50:00 CEST.
Flavor | Version | Tinstall | Tcheck | Ttotal | Status | Flags |
---|---|---|---|---|---|---|
r-devel-linux-x86_64-debian-clang | 0.7.7 | 7.57 | 97.63 | 105.20 | OK | |
r-devel-linux-x86_64-debian-gcc | 0.7.7 | 6.10 | 73.39 | 79.49 | OK | |
r-devel-linux-x86_64-fedora-clang | 0.7.7 | 123.71 | NOTE | |||
r-devel-linux-x86_64-fedora-gcc | 0.7.7 | 122.01 | OK | |||
r-devel-windows-x86_64 | 0.7.7 | 184.00 | 137.00 | 321.00 | OK | |
r-patched-linux-x86_64 | 0.7.7 | 7.33 | 95.51 | 102.84 | OK | |
r-release-linux-x86_64 | 0.7.7 | 7.68 | 95.19 | 102.87 | OK | |
r-release-macos-arm64 | 0.7.7 | 54.00 | OK | |||
r-release-macos-x86_64 | 0.7.7 | 72.00 | OK | |||
r-release-windows-x86_64 | 0.7.7 | 219.00 | 131.00 | 350.00 | OK | |
r-oldrel-macos-arm64 | 0.7.7 | 46.00 | NOTE | |||
r-oldrel-macos-x86_64 | 0.7.7 | 69.00 | OK | |||
r-oldrel-windows-ix86+x86_64 | 0.7.7 | 15.00 | 124.00 | 139.00 | OK |
Version: 0.7.7
Check: Rd cross-references
Result: NOTE
Undeclared package ‘SIBER’ in Rd xrefs
Flavor: r-devel-linux-x86_64-fedora-clang
Version: 0.7.7
Check: Rd cross-references
Result: NOTE
Package unavailable to check Rd xrefs: ‘SIBER’
Flavor: r-oldrel-macos-arm64