Last updated on 2022-05-27 03:55:00 CEST.
Flavor | Version | Tinstall | Tcheck | Ttotal | Status | Flags |
---|---|---|---|---|---|---|
r-devel-linux-x86_64-debian-clang | 0.2 | 3.17 | 40.57 | 43.74 | NOTE | |
r-devel-linux-x86_64-debian-gcc | 0.2 | 2.00 | 30.89 | 32.89 | NOTE | |
r-devel-linux-x86_64-fedora-clang | 0.2 | 51.15 | NOTE | |||
r-devel-linux-x86_64-fedora-gcc | 0.2 | 40.93 | NOTE | |||
r-devel-windows-x86_64 | 0.2 | 31.00 | 69.00 | 100.00 | NOTE | |
r-patched-linux-x86_64 | 0.2 | 2.15 | 38.43 | 40.58 | NOTE | |
r-release-linux-x86_64 | 0.2 | 2.14 | 38.72 | 40.86 | NOTE | |
r-release-macos-arm64 | 0.2 | 21.00 | NOTE | |||
r-release-macos-x86_64 | 0.2 | 28.00 | NOTE | |||
r-release-windows-x86_64 | 0.2 | 36.00 | 66.00 | 102.00 | NOTE | |
r-oldrel-macos-arm64 | 0.2 | 31.00 | NOTE | |||
r-oldrel-macos-x86_64 | 0.2 | 34.00 | NOTE | |||
r-oldrel-windows-ix86+x86_64 | 0.2 | 7.00 | 55.00 | 62.00 | NOTE |
Version: 0.2
Check: LazyData
Result: NOTE
'LazyData' is specified without a 'data' directory
Flavors: r-devel-linux-x86_64-debian-clang, r-devel-linux-x86_64-debian-gcc, r-devel-linux-x86_64-fedora-clang, r-devel-linux-x86_64-fedora-gcc, r-devel-windows-x86_64, r-patched-linux-x86_64, r-release-linux-x86_64, r-release-macos-arm64, r-release-macos-x86_64, r-release-windows-x86_64, r-oldrel-macos-arm64, r-oldrel-macos-x86_64, r-oldrel-windows-ix86+x86_64
Version: 0.2
Check: dependencies in R code
Result: NOTE
Namespace in Imports field not imported from: ‘latticeExtra’
All declared Imports should be used.
Flavors: r-devel-linux-x86_64-fedora-clang, r-devel-linux-x86_64-fedora-gcc, r-release-macos-arm64, r-release-macos-x86_64, r-oldrel-macos-arm64, r-oldrel-macos-x86_64