CRAN Package Check Results for Package taipan

Last updated on 2022-05-23 21:53:25 CEST.

Flavor Version Tinstall Tcheck Ttotal Status Flags
r-devel-linux-x86_64-debian-clang 0.1.2 4.05 50.89 54.94 NOTE
r-devel-linux-x86_64-debian-gcc 0.1.2 2.93 39.09 42.02 NOTE
r-devel-linux-x86_64-fedora-clang 0.1.2 66.45 NOTE
r-devel-linux-x86_64-fedora-gcc 0.1.2 54.68 NOTE
r-devel-windows-x86_64 0.1.2 15.00 74.00 89.00 NOTE
r-patched-linux-x86_64 0.1.2 3.40 49.90 53.30 NOTE
r-release-linux-x86_64 0.1.2 NOTE
r-release-macos-arm64 0.1.2 23.00 NOTE
r-release-macos-x86_64 0.1.2 40.00 NOTE
r-release-windows-x86_64 0.1.2 13.00 77.00 90.00 NOTE
r-oldrel-macos-arm64 0.1.2 23.00 NOTE
r-oldrel-macos-x86_64 0.1.2 40.00 NOTE
r-oldrel-windows-ix86+x86_64 0.1.2 11.00 68.00 79.00 NOTE

Check Details

Version: 0.1.2
Check: LazyData
Result: NOTE
     'LazyData' is specified without a 'data' directory
Flavors: r-devel-linux-x86_64-debian-clang, r-devel-linux-x86_64-debian-gcc, r-devel-linux-x86_64-fedora-clang, r-devel-linux-x86_64-fedora-gcc, r-devel-windows-x86_64, r-patched-linux-x86_64, r-release-linux-x86_64, r-release-macos-arm64, r-release-macos-x86_64, r-release-windows-x86_64, r-oldrel-macos-arm64, r-oldrel-macos-x86_64, r-oldrel-windows-ix86+x86_64