CRAN Package Check Results for Package teamr

Last updated on 2023-01-31 22:58:21 CET.

Flavor Version Tinstall Tcheck Ttotal Status Flags
r-devel-linux-x86_64-debian-clang 0.0.1 4.22 20.25 24.47 NOTE
r-devel-linux-x86_64-debian-gcc 0.0.1 3.61 15.76 19.37 NOTE
r-devel-linux-x86_64-fedora-clang 0.0.1 32.27 NOTE
r-devel-linux-x86_64-fedora-gcc 0.0.1 30.37 NOTE
r-devel-windows-x86_64 0.0.1 12.00 50.00 62.00 NOTE
r-patched-linux-x86_64 0.0.1 6.81 19.92 26.73 NOTE
r-release-linux-x86_64 0.0.1 3.64 20.19 23.83 NOTE
r-release-macos-arm64 0.0.1 15.00 NOTE
r-release-macos-x86_64 0.0.1 20.00 NOTE
r-release-windows-x86_64 0.0.1 11.00 50.00 61.00 NOTE
r-oldrel-macos-arm64 0.0.1 21.00 NOTE
r-oldrel-macos-x86_64 0.0.1 23.00 NOTE
r-oldrel-windows-ix86+x86_64 0.0.1 9.00 45.00 54.00 NOTE

Check Details

Version: 0.0.1
Check: LazyData
Result: NOTE
     'LazyData' is specified without a 'data' directory
Flavors: r-devel-linux-x86_64-debian-clang, r-devel-linux-x86_64-debian-gcc, r-devel-linux-x86_64-fedora-clang, r-devel-linux-x86_64-fedora-gcc, r-devel-windows-x86_64, r-patched-linux-x86_64, r-release-linux-x86_64, r-release-macos-arm64, r-release-macos-x86_64, r-release-windows-x86_64, r-oldrel-macos-arm64, r-oldrel-macos-x86_64, r-oldrel-windows-ix86+x86_64

Version: 0.0.1
Check: dependencies in R code
Result: NOTE
    Namespaces in Imports field not imported from:
     ‘httr’ ‘jsonlite’
     All declared Imports should be used.
Flavors: r-devel-linux-x86_64-fedora-clang, r-devel-linux-x86_64-fedora-gcc, r-release-macos-arm64, r-release-macos-x86_64, r-oldrel-macos-arm64, r-oldrel-macos-x86_64