Last updated on 2022-05-16 10:52:52 CEST.
Flavor | Version | Tinstall | Tcheck | Ttotal | Status | Flags |
---|---|---|---|---|---|---|
r-devel-linux-x86_64-debian-clang | 1.0.3 | 268.55 | 369.84 | 638.39 | OK | |
r-devel-linux-x86_64-debian-gcc | 1.0.3 | 214.37 | 266.50 | 480.87 | OK | |
r-devel-linux-x86_64-fedora-clang | 1.0.3 | 841.84 | NOTE | |||
r-devel-linux-x86_64-fedora-gcc | 1.0.3 | 785.34 | OK | |||
r-devel-windows-x86_64 | 1.0.3 | 221.00 | 365.00 | 586.00 | OK | |
r-patched-linux-x86_64 | 1.0.3 | 204.88 | 351.29 | 556.17 | OK | |
r-release-linux-x86_64 | 1.0.3 | 187.23 | 345.02 | 532.25 | OK | |
r-release-macos-arm64 | 1.0.3 | 168.00 | NOTE | |||
r-release-macos-x86_64 | 1.0.3 | 287.00 | NOTE | |||
r-release-windows-x86_64 | 1.0.3 | 218.00 | 360.00 | 578.00 | OK | |
r-oldrel-macos-arm64 | 1.0.3 | 137.00 | NOTE | |||
r-oldrel-macos-x86_64 | 1.0.3 | 260.00 | NOTE | |||
r-oldrel-windows-ix86+x86_64 | 1.0.3 | 654.00 | 502.00 | 1156.00 | NOTE |
Version: 1.0.3
Check: installed package size
Result: NOTE
installed size is 15.6Mb
sub-directories of 1Mb or more:
data 2.4Mb
libs 12.9Mb
Flavors: r-devel-linux-x86_64-fedora-clang, r-release-macos-arm64, r-release-macos-x86_64, r-oldrel-macos-arm64, r-oldrel-macos-x86_64, r-oldrel-windows-ix86+x86_64