CRAN Package Check Results for Package telegram

Last updated on 2022-05-18 23:52:26 CEST.

Flavor Version Tinstall Tcheck Ttotal Status Flags
r-devel-linux-x86_64-debian-clang 0.6.0 3.13 35.32 38.45 NOTE
r-devel-linux-x86_64-debian-gcc 0.6.0 2.55 27.36 29.91 NOTE
r-devel-linux-x86_64-fedora-clang 0.6.0 47.90 NOTE
r-devel-linux-x86_64-fedora-gcc 0.6.0 45.57 NOTE
r-devel-windows-x86_64 0.6.0 25.00 51.00 76.00 NOTE
r-patched-linux-x86_64 0.6.0 8.38 33.76 42.14 NOTE
r-release-linux-x86_64 0.6.0 2.39 33.90 36.29 NOTE
r-release-macos-arm64 0.6.0 17.00 NOTE
r-release-macos-x86_64 0.6.0 24.00 NOTE
r-release-windows-x86_64 0.6.0 23.00 50.00 73.00 NOTE
r-oldrel-macos-arm64 0.6.0 20.00 NOTE
r-oldrel-macos-x86_64 0.6.0 26.00 NOTE
r-oldrel-windows-ix86+x86_64 0.6.0 7.00 43.00 50.00 NOTE

Check Details

Version: 0.6.0
Check: LazyData
Result: NOTE
     'LazyData' is specified without a 'data' directory
Flavors: r-devel-linux-x86_64-debian-clang, r-devel-linux-x86_64-debian-gcc, r-devel-linux-x86_64-fedora-clang, r-devel-linux-x86_64-fedora-gcc, r-devel-windows-x86_64, r-patched-linux-x86_64, r-release-linux-x86_64, r-release-macos-arm64, r-release-macos-x86_64, r-release-windows-x86_64, r-oldrel-macos-arm64, r-oldrel-macos-x86_64, r-oldrel-windows-ix86+x86_64