CRAN Package Check Results for Package tesseract

Last updated on 2021-12-03 19:50:30 CET.

Flavor Version Tinstall Tcheck Ttotal Status Flags
r-devel-linux-x86_64-debian-clang 4.1.2 21.15 111.77 132.92 OK
r-devel-linux-x86_64-debian-gcc 4.1.2 15.96 223.95 239.91 OK
r-devel-linux-x86_64-fedora-clang 4.1.2 156.03 OK
r-devel-linux-x86_64-fedora-gcc 4.1.2 156.59 OK
r-devel-windows-x86_64-new-UL 4.1.2 54.00 164.00 218.00 NOTE
r-devel-windows-x86_64-new-TK 4.1.2 OK
r-devel-windows-x86_64-old 4.1.2 49.00 90.00 139.00 NOTE
r-patched-linux-x86_64 4.1.2 21.81 94.25 116.06 OK
r-release-linux-x86_64 4.1.2 20.51 95.86 116.37 OK
r-release-macos-arm64 4.1.2 NOTE
r-release-macos-x86_64 4.1.2 NOTE
r-release-windows-ix86+x86_64 4.1.2 78.00 145.00 223.00 NOTE
r-oldrel-macos-x86_64 4.1.2 NOTE
r-oldrel-windows-ix86+x86_64 4.1.2 78.00 149.00 227.00 NOTE

Additional issues

valgrind

Check Details

Version: 4.1.2
Check: installed package size
Result: NOTE
     installed size is 22.5Mb
     sub-directories of 1Mb or more:
     doc 1.2Mb
     libs 7.1Mb
     tessdata 14.0Mb
Flavors: r-devel-windows-x86_64-new-UL, r-devel-windows-x86_64-old, r-release-macos-arm64, r-release-macos-x86_64, r-release-windows-ix86+x86_64, r-oldrel-macos-x86_64, r-oldrel-windows-ix86+x86_64