CRAN Package Check Results for Package textrecipes

Last updated on 2022-05-28 02:49:14 CEST.

Flavor Version Tinstall Tcheck Ttotal Status Flags
r-devel-linux-x86_64-debian-clang 0.5.2 34.91 219.66 254.57 OK
r-devel-linux-x86_64-debian-gcc 0.5.2 25.76 165.46 191.22 OK
r-devel-linux-x86_64-fedora-clang 0.5.2 296.13 NOTE
r-devel-linux-x86_64-fedora-gcc 0.5.2 279.38 NOTE
r-devel-windows-x86_64 0.5.2 138.00 259.00 397.00 OK
r-patched-linux-x86_64 0.5.2 31.87 206.37 238.24 OK
r-release-linux-x86_64 0.5.2 22.13 204.35 226.48 OK
r-release-macos-arm64 0.5.2 88.00 NOTE
r-release-macos-x86_64 0.5.2 111.00 NOTE
r-release-windows-x86_64 0.5.2 172.00 257.00 429.00 OK
r-oldrel-macos-arm64 0.5.2 87.00 NOTE
r-oldrel-macos-x86_64 0.5.2 123.00 NOTE
r-oldrel-windows-ix86+x86_64 0.5.2 77.00 370.00 447.00 OK

Check Details

Version: 0.5.2
Check: data for non-ASCII characters
Result: NOTE
     Note: found 4 marked UTF-8 strings
Flavors: r-devel-linux-x86_64-fedora-clang, r-devel-linux-x86_64-fedora-gcc, r-release-macos-arm64, r-release-macos-x86_64, r-oldrel-macos-arm64, r-oldrel-macos-x86_64