CRAN Package Check Results for Package tfdeploy

Last updated on 2022-05-25 02:52:32 CEST.

Flavor Version Tinstall Tcheck Ttotal Status Flags
r-devel-linux-x86_64-debian-clang 0.6.1 9.41 95.53 104.94 NOTE
r-devel-linux-x86_64-debian-gcc 0.6.1 8.40 73.06 81.46 NOTE
r-devel-linux-x86_64-fedora-clang 0.6.1 130.46 NOTE
r-devel-linux-x86_64-fedora-gcc 0.6.1 113.27 NOTE
r-devel-windows-x86_64 0.6.1 58.00 119.00 177.00 NOTE
r-patched-linux-x86_64 0.6.1 9.05 92.47 101.52 NOTE
r-release-linux-x86_64 0.6.1 NOTE
r-release-macos-arm64 0.6.1 32.00 NOTE
r-release-macos-x86_64 0.6.1 52.00 NOTE
r-release-windows-x86_64 0.6.1 59.00 128.00 187.00 NOTE
r-oldrel-macos-arm64 0.6.1 38.00 NOTE
r-oldrel-macos-x86_64 0.6.1 62.00 NOTE
r-oldrel-windows-ix86+x86_64 0.6.1 22.00 103.00 125.00 NOTE

Check Details

Version: 0.6.1
Check: LazyData
Result: NOTE
     'LazyData' is specified without a 'data' directory
Flavors: r-devel-linux-x86_64-debian-clang, r-devel-linux-x86_64-debian-gcc, r-devel-linux-x86_64-fedora-clang, r-devel-linux-x86_64-fedora-gcc, r-devel-windows-x86_64, r-patched-linux-x86_64, r-release-linux-x86_64, r-release-macos-arm64, r-release-macos-x86_64, r-release-windows-x86_64, r-oldrel-macos-arm64, r-oldrel-macos-x86_64, r-oldrel-windows-ix86+x86_64